Last updated on 2025-04-30 04:50:12 CEST.
Flavor | Version | Tinstall | Tcheck | Ttotal | Status | Flags |
---|---|---|---|---|---|---|
r-devel-linux-x86_64-debian-clang | 1.2.5 | 12.08 | 170.43 | 182.51 | NOTE | |
r-devel-linux-x86_64-debian-gcc | 1.2.5 | 7.90 | 120.98 | 128.88 | OK | |
r-devel-linux-x86_64-fedora-clang | 1.2.5 | 294.92 | OK | |||
r-devel-linux-x86_64-fedora-gcc | 1.2.5 | 293.39 | OK | |||
r-devel-windows-x86_64 | 1.2.5 | 15.00 | 199.00 | 214.00 | OK | |
r-patched-linux-x86_64 | 1.2.5 | 12.99 | 162.75 | 175.74 | OK | |
r-release-linux-x86_64 | 1.2.5 | 11.66 | 162.34 | 174.00 | OK | |
r-release-macos-arm64 | 1.2.5 | 99.00 | OK | |||
r-release-macos-x86_64 | 1.2.5 | 187.00 | OK | |||
r-release-windows-x86_64 | 1.2.5 | 15.00 | 197.00 | 212.00 | OK | |
r-oldrel-macos-arm64 | 1.2.5 | 94.00 | OK | |||
r-oldrel-macos-x86_64 | 1.2.5 | 270.00 | OK | |||
r-oldrel-windows-x86_64 | 1.2.5 | 20.00 | 234.00 | 254.00 | OK |
Version: 1.2.5
Check: examples
Result: NOTE
Examples with CPU (user + system) or elapsed time > 5s
user system elapsed
mvord 4.032 0.042 5.179
Flavor: r-devel-linux-x86_64-debian-clang