Last updated on 2025-04-30 04:50:12 CEST.
Flavor | Version | Tinstall | Tcheck | Ttotal | Status | Flags |
---|---|---|---|---|---|---|
r-devel-linux-x86_64-debian-clang | 1.0-18 | 22.85 | 182.74 | 205.59 | NOTE | |
r-devel-linux-x86_64-debian-gcc | 1.0-18 | 18.41 | 120.79 | 139.20 | NOTE | |
r-devel-linux-x86_64-fedora-clang | 1.0-18 | 319.95 | OK | |||
r-devel-linux-x86_64-fedora-gcc | 1.0-18 | 321.41 | OK | |||
r-devel-windows-x86_64 | 1.0-18 | 34.00 | 199.00 | 233.00 | OK | |
r-patched-linux-x86_64 | 1.0-18 | 26.53 | 171.83 | 198.36 | OK | |
r-release-linux-x86_64 | 1.0-18 | 26.68 | 170.97 | 197.65 | OK | |
r-release-macos-arm64 | 1.0-18 | 91.00 | OK | |||
r-release-macos-x86_64 | 1.0-18 | 155.00 | OK | |||
r-release-windows-x86_64 | 1.0-18 | 32.00 | 193.00 | 225.00 | OK | |
r-oldrel-macos-arm64 | 1.0-18 | 81.00 | OK | |||
r-oldrel-macos-x86_64 | 1.0-18 | 178.00 | OK | |||
r-oldrel-windows-x86_64 | 1.0-18 | 36.00 | 261.00 | 297.00 | OK |
Version: 1.0-18
Check: examples
Result: NOTE
Examples with CPU (user + system) or elapsed time > 5s
user system elapsed
knight 7.539 0.090 11.775
kahle 3.963 0.374 6.980
rmvp 3.665 0.018 5.133
Flavor: r-devel-linux-x86_64-debian-clang
Version: 1.0-18
Check: examples
Result: NOTE
Examples with CPU (user + system) or elapsed time > 5s
user system elapsed
knight 4.256 0.088 5.342
Flavor: r-devel-linux-x86_64-debian-gcc