CRAN Package Check Results for Package mvpd

Last updated on 2025-04-30 04:50:12 CEST.

Flavor Version Tinstall Tcheck Ttotal Status Flags
r-devel-linux-x86_64-debian-clang 0.0.4 7.05 62.76 69.81 NOTE
r-devel-linux-x86_64-debian-gcc 0.0.4 5.61 49.56 55.17 NOTE
r-devel-linux-x86_64-fedora-clang 0.0.4 105.60 NOTE
r-devel-linux-x86_64-fedora-gcc 0.0.4 99.61 NOTE
r-devel-windows-x86_64 0.0.4 7.00 80.00 87.00 NOTE
r-patched-linux-x86_64 0.0.4 6.52 59.36 65.88 NOTE
r-release-linux-x86_64 0.0.4 6.11 59.42 65.53 NOTE
r-release-macos-arm64 0.0.4 35.00 NOTE
r-release-macos-x86_64 0.0.4 65.00 NOTE
r-release-windows-x86_64 0.0.4 8.00 77.00 85.00 NOTE
r-oldrel-macos-arm64 0.0.4 32.00 NOTE
r-oldrel-macos-x86_64 0.0.4 48.00 NOTE
r-oldrel-windows-x86_64 0.0.4 9.00 88.00 97.00 NOTE

Check Details

Version: 0.0.4
Check: Rd files
Result: NOTE checkRd: (-1) dmvss.Rd:92: Lost braces in \itemize; \value handles \item{}{} directly checkRd: (-1) dmvss.Rd:93: Lost braces in \itemize; \value handles \item{}{} directly checkRd: (-1) dmvss.Rd:94: Lost braces in \itemize; \value handles \item{}{} directly checkRd: (-1) dmvss.Rd:95: Lost braces in \itemize; \value handles \item{}{} directly checkRd: (-1) dmvss.Rd:96: Lost braces in \itemize; \value handles \item{}{} directly checkRd: (-1) pmvss.Rd:97: Lost braces in \itemize; \value handles \item{}{} directly checkRd: (-1) pmvss.Rd:98: Lost braces in \itemize; \value handles \item{}{} directly checkRd: (-1) pmvss.Rd:99: Lost braces in \itemize; \value handles \item{}{} directly checkRd: (-1) pmvss.Rd:100: Lost braces in \itemize; \value handles \item{}{} directly checkRd: (-1) pmvss.Rd:101: Lost braces in \itemize; \value handles \item{}{} directly Flavors: r-devel-linux-x86_64-debian-clang, r-devel-linux-x86_64-debian-gcc, r-devel-linux-x86_64-fedora-clang, r-devel-linux-x86_64-fedora-gcc, r-devel-windows-x86_64, r-patched-linux-x86_64, r-release-linux-x86_64, r-release-macos-arm64, r-release-macos-x86_64, r-release-windows-x86_64, r-oldrel-macos-arm64, r-oldrel-macos-x86_64, r-oldrel-windows-x86_64

Version: 0.0.4
Check: examples
Result: NOTE Examples with CPU (user + system) or elapsed time > 5s user system elapsed pmvss 1.545 0.316 7.373 dmvss 1.447 0.287 13.350 Flavor: r-devel-linux-x86_64-debian-clang

Version: 0.0.4
Check: examples
Result: NOTE Examples with CPU (user + system) or elapsed time > 5s user system elapsed pmvss 1.520 0.735 8.011 dmvss 1.444 0.694 11.010 Flavor: r-devel-linux-x86_64-debian-gcc