CRAN Package Check Results for Package mvtmeta

Last updated on 2025-04-30 04:50:12 CEST.

Flavor Version Tinstall Tcheck Ttotal Status Flags
r-devel-linux-x86_64-debian-clang 1.1 1.55 18.61 20.16 NOTE
r-devel-linux-x86_64-debian-gcc 1.1 1.36 15.26 16.62 NOTE
r-devel-linux-x86_64-fedora-clang 1.1 31.25 OK
r-devel-linux-x86_64-fedora-gcc 1.1 29.96 OK
r-devel-windows-x86_64 1.1 2.00 42.00 44.00 OK
r-patched-linux-x86_64 1.1 1.68 17.77 19.45 OK
r-release-linux-x86_64 1.1 1.54 17.81 19.35 OK
r-release-macos-arm64 1.1 16.00 OK
r-release-macos-x86_64 1.1 26.00 OK
r-release-windows-x86_64 1.1 3.00 41.00 44.00 OK
r-oldrel-macos-arm64 1.1 15.00 OK
r-oldrel-macos-x86_64 1.1 20.00 OK
r-oldrel-windows-x86_64 1.1 3.00 42.00 45.00 OK

Check Details

Version: 1.1
Check: CRAN incoming feasibility
Result: NOTE Maintainer: ‘Han Chen <Han.Chen.2@uth.tmc.edu>’ No Authors@R field in DESCRIPTION. Please add one, modifying Authors@R: person(given = "Han", family = "Chen", role = c("aut", "cre"), email = "han.chen.2@uth.tmc.edu") as necessary. Flavors: r-devel-linux-x86_64-debian-clang, r-devel-linux-x86_64-debian-gcc