Last updated on 2025-04-30 04:50:12 CEST.
Flavor | Version | Tinstall | Tcheck | Ttotal | Status | Flags |
---|---|---|---|---|---|---|
r-devel-linux-x86_64-debian-clang | 1.0.3 | 12.70 | 168.92 | 181.62 | OK | |
r-devel-linux-x86_64-debian-gcc | 1.0.3 | 8.87 | 122.45 | 131.32 | OK | |
r-devel-linux-x86_64-fedora-clang | 1.0.3 | 263.73 | NOTE | |||
r-devel-linux-x86_64-fedora-gcc | 1.0.3 | 261.83 | NOTE | |||
r-devel-windows-x86_64 | 1.0.3 | 13.00 | 189.00 | 202.00 | OK | |
r-patched-linux-x86_64 | 1.0.3 | 12.68 | 156.55 | 169.23 | OK | |
r-release-linux-x86_64 | 1.0.3 | 10.91 | 156.48 | 167.39 | OK | |
r-release-macos-arm64 | 1.0.3 | 91.00 | OK | |||
r-release-macos-x86_64 | 1.0.3 | 151.00 | OK | |||
r-release-windows-x86_64 | 1.0.3 | 15.00 | 192.00 | 207.00 | OK | |
r-oldrel-macos-arm64 | 1.0.3 | 89.00 | OK | |||
r-oldrel-macos-x86_64 | 1.0.3 | 126.00 | OK | |||
r-oldrel-windows-x86_64 | 1.0.3 | 18.00 | 242.00 | 260.00 | OK |
Version: 1.0.3
Check: dependencies in R code
Result: NOTE
Namespaces in Imports field not imported from:
‘e1071’ ‘glue’
All declared Imports should be used.
Flavors: r-devel-linux-x86_64-fedora-clang, r-devel-linux-x86_64-fedora-gcc