CRAN Package Check Results for Package nFactors

Last updated on 2025-04-30 04:50:12 CEST.

Flavor Version Tinstall Tcheck Ttotal Status Flags
r-devel-linux-x86_64-debian-clang 2.4.1.1 4.17 42.74 46.91 NOTE
r-devel-linux-x86_64-debian-gcc 2.4.1.1 2.70 32.37 35.07 NOTE
r-devel-linux-x86_64-fedora-clang 2.4.1.1 72.01 OK
r-devel-linux-x86_64-fedora-gcc 2.4.1.1 66.75 OK
r-devel-windows-x86_64 2.4.1.1 5.00 77.00 82.00 OK
r-patched-linux-x86_64 2.4.1.1 4.85 40.40 45.25 OK
r-release-linux-x86_64 2.4.1.1 3.89 39.74 43.63 OK
r-release-macos-arm64 2.4.1.1 26.00 OK
r-release-macos-x86_64 2.4.1.1 42.00 OK
r-release-windows-x86_64 2.4.1.1 5.00 74.00 79.00 OK
r-oldrel-macos-arm64 2.4.1.1 24.00 OK
r-oldrel-macos-x86_64 2.4.1.1 40.00 OK
r-oldrel-windows-x86_64 2.4.1.1 7.00 82.00 89.00 OK

Check Details

Version: 2.4.1.1
Check: CRAN incoming feasibility
Result: NOTE Maintainer: ‘Gilles Raiche <raiche.gilles@uqam.ca>’ No Authors@R field in DESCRIPTION. Please add one, modifying Authors@R: c(person(given = "Gilles", family = "Raiche", role = c("aut", "cre"), email = "raiche.gilles@uqam.ca", comment = "Universite du Quebec a Montreal"), person(given = "David", family = "Magis", role = "aut", comment = "Universite de Liege")) as necessary. Flavors: r-devel-linux-x86_64-debian-clang, r-devel-linux-x86_64-debian-gcc