Last updated on 2025-11-03 03:49:48 CET.
| Flavor | Version | Tinstall | Tcheck | Ttotal | Status | Flags |
|---|---|---|---|---|---|---|
| r-devel-linux-x86_64-debian-clang | 1.0 | 1.68 | 25.84 | 27.52 | OK | |
| r-devel-linux-x86_64-debian-gcc | 1.0 | 1.36 | 20.65 | 22.01 | OK | |
| r-devel-linux-x86_64-fedora-clang | 1.0 | 43.54 | NOTE | |||
| r-devel-linux-x86_64-fedora-gcc | 1.0 | 16.00 | 25.36 | 41.36 | NOTE | |
| r-devel-windows-x86_64 | 1.0 | 4.00 | 42.00 | 46.00 | OK | |
| r-patched-linux-x86_64 | 1.0 | 1.87 | 24.12 | 25.99 | OK | |
| r-release-linux-x86_64 | 1.0 | 1.76 | 24.24 | 26.00 | OK | |
| r-release-macos-arm64 | 1.0 | 1.00 | 20.00 | 21.00 | OK | |
| r-release-macos-x86_64 | 1.0 | 2.00 | 23.00 | 25.00 | OK | |
| r-release-windows-x86_64 | 1.0 | 3.00 | 39.00 | 42.00 | OK | |
| r-oldrel-macos-arm64 | 1.0 | 1.00 | 15.00 | 16.00 | OK | |
| r-oldrel-macos-x86_64 | 1.0 | 1.00 | 20.00 | 21.00 | OK | |
| r-oldrel-windows-x86_64 | 1.0 | 5.00 | 46.00 | 51.00 | OK |
Version: 1.0
Check: dependencies in R code
Result: NOTE
Namespace in Imports field not imported from: ‘stats’
All declared Imports should be used.
Flavors: r-devel-linux-x86_64-fedora-clang, r-devel-linux-x86_64-fedora-gcc