CRAN Package Check Results for Package nabor

Last updated on 2025-04-30 04:50:12 CEST.

Flavor Version Tinstall Tcheck Ttotal Status Flags
r-devel-linux-x86_64-debian-clang 0.5.0 45.35 30.52 75.87 NOTE
r-devel-linux-x86_64-debian-gcc 0.5.0 33.79 24.61 58.40 NOTE
r-devel-linux-x86_64-fedora-clang 0.5.0 135.09 OK
r-devel-linux-x86_64-fedora-gcc 0.5.0 138.53 OK
r-devel-windows-x86_64 0.5.0 56.00 76.00 132.00 OK
r-patched-linux-x86_64 0.5.0 48.12 29.35 77.47 OK
r-release-linux-x86_64 0.5.0 45.94 29.37 75.31 OK
r-release-macos-arm64 0.5.0 41.00 OK
r-release-macos-x86_64 0.5.0 51.00 OK
r-release-windows-x86_64 0.5.0 56.00 85.00 141.00 OK
r-oldrel-macos-arm64 0.5.0 49.00 NOTE
r-oldrel-macos-x86_64 0.5.0 51.00 NOTE
r-oldrel-windows-x86_64 0.5.0 62.00 87.00 149.00 OK

Check Details

Version: 0.5.0
Check: CRAN incoming feasibility
Result: NOTE Maintainer: ‘Gregory Jefferis <jefferis@gmail.com>’ No Authors@R field in DESCRIPTION. Please add one, modifying Authors@R: c(person(given = "Stephane", family = "Mangenat", role = "aut", comment = "for 'libnabo'"), person(given = "Gregory", family = "Jefferis", role = c("aut", "cre"), email = "jefferis@gmail.com")) as necessary. Flavors: r-devel-linux-x86_64-debian-clang, r-devel-linux-x86_64-debian-gcc

Version: 0.5.0
Check: installed package size
Result: NOTE installed size is 9.0Mb sub-directories of 1Mb or more: libs 8.9Mb Flavors: r-oldrel-macos-arm64, r-oldrel-macos-x86_64