CRAN Package Check Results for Package nadiv

Last updated on 2025-04-30 04:50:12 CEST.

Flavor Version Tinstall Tcheck Ttotal Status Flags
r-devel-linux-x86_64-debian-clang 2.18.0 25.25 76.78 102.03 OK
r-devel-linux-x86_64-debian-gcc 2.18.0 15.85 55.06 70.91 OK
r-devel-linux-x86_64-fedora-clang 2.18.0 175.41 OK
r-devel-linux-x86_64-fedora-gcc 2.18.0 146.42 OK
r-devel-windows-x86_64 2.18.0 34.00 106.00 140.00 OK
r-patched-linux-x86_64 2.18.0 23.10 70.16 93.26 OK
r-release-linux-x86_64 2.18.0 21.14 70.27 91.41 OK
r-release-macos-arm64 2.18.0 49.00 OK
r-release-macos-x86_64 2.18.0 83.00 OK
r-release-windows-x86_64 2.18.0 34.00 108.00 142.00 OK
r-oldrel-macos-arm64 2.18.0 45.00 NOTE
r-oldrel-macos-x86_64 2.18.0 59.00 NOTE
r-oldrel-windows-x86_64 2.18.0 37.00 115.00 152.00 NOTE

Check Details

Version: 2.18.0
Check: package dependencies
Result: NOTE Package which this enhances but not available for checking: ‘asreml’ Flavors: r-oldrel-macos-arm64, r-oldrel-macos-x86_64, r-oldrel-windows-x86_64