Last updated on 2025-02-21 03:52:20 CET.
Flavor | Version | Tinstall | Tcheck | Ttotal | Status | Flags |
---|---|---|---|---|---|---|
r-devel-linux-x86_64-debian-clang | 2.6.30 | 108.79 | 44.05 | 152.84 | OK | |
r-devel-linux-x86_64-debian-gcc | 2.6.30 | 87.41 | 32.35 | 119.76 | OK | |
r-devel-linux-x86_64-fedora-clang | 2.6.30 | 314.41 | OK | |||
r-devel-linux-x86_64-fedora-gcc | 2.6.30 | 304.62 | OK | |||
r-devel-macos-arm64 | 2.6.30 | 72.00 | OK | |||
r-devel-macos-x86_64 | 2.6.30 | 100.00 | OK | |||
r-patched-linux-x86_64 | 2.6.30 | 118.60 | 41.89 | 160.49 | OK | |
r-release-linux-x86_64 | 2.6.30 | 121.47 | 42.09 | 163.56 | OK | |
r-release-macos-arm64 | 2.6.30 | 71.00 | NOTE | |||
r-release-macos-x86_64 | 2.6.30 | 82.00 | NOTE | |||
r-oldrel-macos-arm64 | 2.6.30 | 69.00 | NOTE | |||
r-oldrel-macos-x86_64 | 2.6.30 | 89.00 | NOTE |
Version: 2.6.30
Check: installed package size
Result: NOTE
installed size is 11.1Mb
sub-directories of 1Mb or more:
libs 10.5Mb
Flavors: r-release-macos-arm64, r-release-macos-x86_64, r-oldrel-macos-arm64, r-oldrel-macos-x86_64