CRAN Package Check Results for Package natstrat

Last updated on 2025-04-30 04:50:12 CEST.

Flavor Version Tinstall Tcheck Ttotal Status Flags
r-devel-linux-x86_64-debian-clang 2.0.0 16.46 158.92 175.38 OK
r-devel-linux-x86_64-debian-gcc 2.0.0 11.27 116.35 127.62 OK
r-devel-linux-x86_64-fedora-clang 2.0.0 263.56 OK
r-devel-linux-x86_64-fedora-gcc 2.0.0 267.26 OK
r-devel-windows-x86_64 2.0.0 15.00 158.00 173.00 OK
r-patched-linux-x86_64 2.0.0 14.01 148.79 162.80 OK
r-release-linux-x86_64 2.0.0 15.06 150.16 165.22 OK
r-release-macos-arm64 2.0.0 87.00 OK
r-release-macos-x86_64 2.0.0 143.00 OK
r-release-windows-x86_64 2.0.0 17.00 158.00 175.00 OK
r-oldrel-macos-arm64 2.0.0 103.00 NOTE
r-oldrel-macos-x86_64 2.0.0 154.00 NOTE
r-oldrel-windows-x86_64 2.0.0 21.00 197.00 218.00 NOTE

Check Details

Version: 2.0.0
Check: package dependencies
Result: NOTE Package suggested but not available for checking: ‘gurobi’ Flavors: r-oldrel-macos-arm64, r-oldrel-macos-x86_64, r-oldrel-windows-x86_64