Last updated on 2025-02-21 03:52:20 CET.
Flavor | Version | Tinstall | Tcheck | Ttotal | Status | Flags |
---|---|---|---|---|---|---|
r-devel-linux-x86_64-debian-clang | 0.9.0 | 9.04 | 123.24 | 132.28 | OK | |
r-devel-linux-x86_64-debian-gcc | 0.9.0 | 7.26 | 95.75 | 103.01 | OK | |
r-devel-linux-x86_64-fedora-clang | 0.9.0 | 207.34 | OK | |||
r-devel-linux-x86_64-fedora-gcc | 0.9.0 | 234.98 | OK | |||
r-devel-macos-arm64 | 0.9.0 | 79.00 | OK | |||
r-devel-macos-x86_64 | 0.9.0 | 155.00 | OK | |||
r-devel-windows-x86_64 | 0.9.0 | 13.00 | 150.00 | 163.00 | OK | |
r-patched-linux-x86_64 | 0.9.0 | 8.90 | 130.42 | 139.32 | NOTE | |
r-release-linux-x86_64 | 0.9.0 | 9.60 | 128.85 | 138.45 | NOTE | |
r-release-macos-arm64 | 0.9.0 | 79.00 | NOTE | |||
r-release-macos-x86_64 | 0.9.0 | 114.00 | NOTE | |||
r-release-windows-x86_64 | 0.9.0 | 15.00 | 145.00 | 160.00 | NOTE | |
r-oldrel-macos-arm64 | 0.9.0 | 90.00 | NOTE | |||
r-oldrel-macos-x86_64 | 0.9.0 | 133.00 | NOTE | |||
r-oldrel-windows-x86_64 | 0.9.0 | 17.00 | 196.00 | 213.00 | NOTE |
Version: 0.9.0
Check: LazyData
Result: NOTE
'LazyData' is specified without a 'data' directory
Flavors: r-patched-linux-x86_64, r-release-linux-x86_64, r-release-macos-arm64, r-release-macos-x86_64, r-release-windows-x86_64, r-oldrel-macos-arm64, r-oldrel-macos-x86_64, r-oldrel-windows-x86_64