Last updated on 2025-04-30 04:50:12 CEST.
Flavor | Version | Tinstall | Tcheck | Ttotal | Status | Flags |
---|---|---|---|---|---|---|
r-devel-linux-x86_64-debian-clang | 0.1.4 | 5.70 | 32.63 | 38.33 | NOTE | |
r-devel-linux-x86_64-debian-gcc | 0.1.4 | 3.99 | 24.55 | 28.54 | NOTE | |
r-devel-linux-x86_64-fedora-clang | 0.1.4 | 58.72 | OK | |||
r-devel-linux-x86_64-fedora-gcc | 0.1.4 | 55.93 | OK | |||
r-devel-windows-x86_64 | 0.1.4 | 5.00 | 53.00 | 58.00 | OK | |
r-patched-linux-x86_64 | 0.1.4 | 5.53 | 30.23 | 35.76 | OK | |
r-release-linux-x86_64 | 0.1.4 | 5.51 | 30.10 | 35.61 | OK | |
r-release-macos-arm64 | 0.1.4 | 20.00 | OK | |||
r-release-macos-x86_64 | 0.1.4 | 59.00 | OK | |||
r-release-windows-x86_64 | 0.1.4 | 6.00 | 53.00 | 59.00 | OK | |
r-oldrel-macos-arm64 | 0.1.4 | 20.00 | OK | |||
r-oldrel-macos-x86_64 | 0.1.4 | 45.00 | OK | |||
r-oldrel-windows-x86_64 | 0.1.4 | 8.00 | 55.00 | 63.00 | OK |
Version: 0.1.4
Check: CRAN incoming feasibility
Result: NOTE
Maintainer: ‘Hiroto Katsumata <hrt.katsumata@gmail.com>’
The Description field contains
<arXiv:2005.10998>, which improves the inverse probability weighting by
Please refer to arXiv e-prints via their arXiv DOI <doi:10.48550/arXiv.YYMM.NNNNN>.
Flavors: r-devel-linux-x86_64-debian-clang, r-devel-linux-x86_64-debian-gcc