Last updated on 2025-04-30 04:50:12 CEST.
Flavor | Version | Tinstall | Tcheck | Ttotal | Status | Flags |
---|---|---|---|---|---|---|
r-devel-linux-x86_64-debian-clang | 1.1.4 | 2.58 | 100.96 | 103.54 | NOTE | |
r-devel-linux-x86_64-debian-gcc | 1.1.4 | 2.43 | 66.64 | 69.07 | OK | |
r-devel-linux-x86_64-fedora-clang | 1.1.4 | 165.00 | OK | |||
r-devel-linux-x86_64-fedora-gcc | 1.1.4 | 174.10 | OK | |||
r-devel-windows-x86_64 | 1.1.4 | 5.00 | 112.00 | 117.00 | OK | |
r-patched-linux-x86_64 | 1.1.4 | 3.86 | 93.58 | 97.44 | OK | |
r-release-linux-x86_64 | 1.1.4 | 3.73 | 95.24 | 98.97 | OK | |
r-release-macos-arm64 | 1.1.4 | 57.00 | OK | |||
r-release-macos-x86_64 | 1.1.4 | 92.00 | OK | |||
r-release-windows-x86_64 | 1.1.4 | 6.00 | 110.00 | 116.00 | OK | |
r-oldrel-macos-arm64 | 1.1.4 | 51.00 | OK | |||
r-oldrel-macos-x86_64 | 1.1.4 | 79.00 | OK | |||
r-oldrel-windows-x86_64 | 1.1.4 | 6.00 | 137.00 | 143.00 | OK |
Version: 1.1.4
Check: examples
Result: NOTE
Examples with CPU (user + system) or elapsed time > 5s
user system elapsed
estimateSI 4.664 0.318 5.475
Flavor: r-devel-linux-x86_64-debian-clang