CRAN Package Check Results for Package nbc4va

Last updated on 2025-04-30 04:50:12 CEST.

Flavor Version Tinstall Tcheck Ttotal Status Flags
r-devel-linux-x86_64-debian-clang 1.2 2.42 34.19 36.61 NOTE
r-devel-linux-x86_64-debian-gcc 1.2 2.10 26.53 28.63 NOTE
r-devel-linux-x86_64-fedora-clang 1.2 62.58 OK
r-devel-linux-x86_64-fedora-gcc 1.2 70.25 OK
r-devel-windows-x86_64 1.2 5.00 62.00 67.00 OK
r-patched-linux-x86_64 1.2 3.71 32.80 36.51 OK
r-release-linux-x86_64 1.2 2.18 32.52 34.70 OK
r-release-macos-arm64 1.2 30.00 OK
r-release-macos-x86_64 1.2 57.00 OK
r-release-windows-x86_64 1.2 5.00 62.00 67.00 OK
r-oldrel-macos-arm64 1.2 29.00 OK
r-oldrel-macos-x86_64 1.2 40.00 OK
r-oldrel-windows-x86_64 1.2 5.00 68.00 73.00 OK

Check Details

Version: 1.2
Check: CRAN incoming feasibility
Result: NOTE Maintainer: ‘Richard Wen <rrwen.dev@gmail.com>’ Package CITATION file contains call(s) to old-style personList() or as.personList(). Please use c() on person objects instead. Package CITATION file contains call(s) to old-style citEntry(). Please use bibentry() instead. Flavors: r-devel-linux-x86_64-debian-clang, r-devel-linux-x86_64-debian-gcc