CRAN Package Check Results for Package ncar

Last updated on 2025-04-30 04:50:12 CEST.

Flavor Version Tinstall Tcheck Ttotal Status Flags
r-devel-linux-x86_64-debian-clang 0.5.0 2.25 24.26 26.51 NOTE
r-devel-linux-x86_64-debian-gcc 0.5.0 1.66 18.51 20.17 NOTE
r-devel-linux-x86_64-fedora-clang 0.5.0 40.92 OK
r-devel-linux-x86_64-fedora-gcc 0.5.0 39.79 OK
r-devel-windows-x86_64 0.5.0 4.00 52.00 56.00 OK
r-patched-linux-x86_64 0.5.0 2.80 22.87 25.67 OK
r-release-linux-x86_64 0.5.0 2.39 23.21 25.60 OK
r-release-macos-arm64 0.5.0 16.00 OK
r-release-macos-x86_64 0.5.0 29.00 OK
r-release-windows-x86_64 0.5.0 5.00 49.00 54.00 OK
r-oldrel-macos-arm64 0.5.0 16.00 OK
r-oldrel-macos-x86_64 0.5.0 23.00 OK
r-oldrel-windows-x86_64 0.5.0 3.00 51.00 54.00 OK

Check Details

Version: 0.5.0
Check: CRAN incoming feasibility
Result: NOTE Maintainer: ‘Kyun-Seop Bae <k@acr.kr>’ No Authors@R field in DESCRIPTION. Please add one, modifying Authors@R: person(given = "Kyun-Seop", family = "Bae", role = c("aut", "cre"), email = "k@acr.kr") as necessary. Flavors: r-devel-linux-x86_64-debian-clang, r-devel-linux-x86_64-debian-gcc