Last updated on 2025-04-30 04:50:12 CEST.
Flavor | Version | Tinstall | Tcheck | Ttotal | Status | Flags |
---|---|---|---|---|---|---|
r-devel-linux-x86_64-debian-clang | 1.1.6 | 9.22 | 101.11 | 110.33 | NOTE | |
r-devel-linux-x86_64-debian-gcc | 1.1.6 | 5.63 | 70.77 | 76.40 | OK | |
r-devel-linux-x86_64-fedora-clang | 1.1.6 | 181.28 | OK | |||
r-devel-linux-x86_64-fedora-gcc | 1.1.6 | 194.10 | OK | |||
r-devel-windows-x86_64 | 1.1.6 | 10.00 | 105.00 | 115.00 | OK | |
r-patched-linux-x86_64 | 1.1.6 | 7.70 | 94.69 | 102.39 | OK | |
r-release-linux-x86_64 | 1.1.6 | 8.07 | 94.29 | 102.36 | OK | |
r-release-macos-arm64 | 1.1.6 | 53.00 | OK | |||
r-release-macos-x86_64 | 1.1.6 | 115.00 | OK | |||
r-release-windows-x86_64 | 1.1.6 | 11.00 | 107.00 | 118.00 | OK | |
r-oldrel-macos-arm64 | 1.1.6 | 53.00 | OK | |||
r-oldrel-macos-x86_64 | 1.1.6 | 89.00 | OK | |||
r-oldrel-windows-x86_64 | 1.1.6 | 13.00 | 130.00 | 143.00 | OK |
Version: 1.1.6
Check: examples
Result: NOTE
Examples with CPU (user + system) or elapsed time > 5s
user system elapsed
create_cell_geometry 3.805 0.223 5.454
Flavor: r-devel-linux-x86_64-debian-clang