CRAN Package Check Results for Package ncvreg

Last updated on 2025-04-30 04:50:12 CEST.

Flavor Version Tinstall Tcheck Ttotal Status Flags
r-devel-linux-x86_64-debian-clang 3.15.0 7.98 55.32 63.30 NOTE
r-devel-linux-x86_64-debian-gcc 3.15.0 6.15 41.47 47.62 NOTE
r-devel-linux-x86_64-fedora-clang 3.15.0 98.98 NOTE
r-devel-linux-x86_64-fedora-gcc 3.15.0 108.76 NOTE
r-devel-windows-x86_64 3.15.0 13.00 86.00 99.00 NOTE
r-patched-linux-x86_64 3.15.0 8.57 52.46 61.03 NOTE
r-release-linux-x86_64 3.15.0 7.13 52.02 59.15 NOTE
r-release-macos-arm64 3.15.0 37.00 NOTE
r-release-macos-x86_64 3.15.0 90.00 NOTE
r-release-windows-x86_64 3.15.0 15.00 83.00 98.00 NOTE
r-oldrel-macos-arm64 3.15.0 64.00 OK
r-oldrel-macos-x86_64 3.15.0 111.00 OK
r-oldrel-windows-x86_64 3.15.0 15.00 90.00 105.00 OK

Check Details

Version: 3.15.0
Check: DESCRIPTION meta-information
Result: NOTE Missing dependency on R >= 4.1.0 because package code uses the pipe |> or function shorthand \(...) syntax added in R 4.1.0. File(s) using such syntax: ‘assign_fold.Rd’ Flavors: r-devel-linux-x86_64-debian-clang, r-devel-linux-x86_64-debian-gcc, r-devel-linux-x86_64-fedora-clang, r-devel-linux-x86_64-fedora-gcc, r-devel-windows-x86_64, r-patched-linux-x86_64, r-release-linux-x86_64, r-release-macos-arm64, r-release-macos-x86_64, r-release-windows-x86_64

Version: 3.15.0
Check: examples
Result: NOTE Examples with CPU (user + system) or elapsed time > 5s user system elapsed boot_ncvreg 4.516 0.032 5.682 Flavor: r-devel-linux-x86_64-debian-clang