Last updated on 2025-11-04 03:50:59 CET.
| Flavor | Version | Tinstall | Tcheck | Ttotal | Status | Flags | 
|---|---|---|---|---|---|---|
| r-devel-linux-x86_64-debian-clang | 3.15.0 | 7.59 | 57.85 | 65.44 | NOTE | |
| r-devel-linux-x86_64-debian-gcc | 3.15.0 | 5.67 | 42.17 | 47.84 | NOTE | |
| r-devel-linux-x86_64-fedora-clang | 3.15.0 | 16.00 | 83.05 | 99.05 | NOTE | |
| r-devel-linux-x86_64-fedora-gcc | 3.15.0 | 16.00 | 93.57 | 109.57 | NOTE | |
| r-devel-windows-x86_64 | 3.15.0 | 13.00 | 79.00 | 92.00 | NOTE | |
| r-patched-linux-x86_64 | 3.15.0 | 7.61 | 53.87 | 61.48 | NOTE | |
| r-release-linux-x86_64 | 3.15.0 | 7.69 | 53.66 | 61.35 | NOTE | |
| r-release-macos-arm64 | 3.15.0 | 5.00 | 32.00 | 37.00 | NOTE | |
| r-release-macos-x86_64 | 3.15.0 | 8.00 | 82.00 | 90.00 | NOTE | |
| r-release-windows-x86_64 | 3.15.0 | 14.00 | 84.00 | 98.00 | NOTE | |
| r-oldrel-macos-arm64 | 3.15.0 | 5.00 | 59.00 | 64.00 | OK | |
| r-oldrel-macos-x86_64 | 3.15.0 | 16.00 | 95.00 | 111.00 | OK | |
| r-oldrel-windows-x86_64 | 3.15.0 | 18.00 | 98.00 | 116.00 | OK | 
Version: 3.15.0
Check: DESCRIPTION meta-information
Result: NOTE
    Missing dependency on R >= 4.1.0 because package code uses the pipe
    |> or function shorthand \(...) syntax added in R 4.1.0.
    File(s) using such syntax:
      ‘assign_fold.Rd’
Flavors: r-devel-linux-x86_64-debian-clang, r-devel-linux-x86_64-debian-gcc, r-devel-linux-x86_64-fedora-clang, r-devel-linux-x86_64-fedora-gcc, r-devel-windows-x86_64, r-patched-linux-x86_64, r-release-linux-x86_64, r-release-macos-arm64, r-release-macos-x86_64, r-release-windows-x86_64