Last updated on 2025-04-30 04:50:12 CEST.
Flavor | Version | Tinstall | Tcheck | Ttotal | Status | Flags |
---|---|---|---|---|---|---|
r-devel-linux-x86_64-debian-clang | 0.13.4 | 6.80 | 324.03 | 330.83 | NOTE | |
r-devel-linux-x86_64-debian-gcc | 0.13.4 | 5.33 | 256.19 | 261.52 | OK | |
r-devel-linux-x86_64-fedora-clang | 0.13.4 | 573.29 | OK | |||
r-devel-linux-x86_64-fedora-gcc | 0.13.4 | 517.55 | OK | |||
r-devel-windows-x86_64 | 0.13.4 | 10.00 | 145.00 | 155.00 | OK | --no-vignettes |
r-patched-linux-x86_64 | 0.13.4 | 8.71 | 304.22 | 312.93 | OK | |
r-release-linux-x86_64 | 0.13.4 | 6.39 | 303.92 | 310.31 | OK | |
r-release-macos-arm64 | 0.13.4 | 153.00 | OK | |||
r-release-macos-x86_64 | 0.13.4 | 306.00 | OK | |||
r-release-windows-x86_64 | 0.13.4 | 11.00 | 165.00 | 176.00 | OK | --no-vignettes |
r-oldrel-macos-arm64 | 0.13.4 | 161.00 | OK | |||
r-oldrel-macos-x86_64 | 0.13.4 | 393.00 | OK | |||
r-oldrel-windows-x86_64 | 0.13.4 | 12.00 | 160.00 | 172.00 | OK | --no-vignettes |
Version: 0.13.4
Check: examples
Result: NOTE
Examples with CPU (user + system) or elapsed time > 5s
user system elapsed
render.d3movie 6.049 0.059 7.738
proximity.timeline 4.517 0.136 5.806
Flavor: r-devel-linux-x86_64-debian-clang