Last updated on 2025-04-30 04:50:12 CEST.
Flavor | Version | Tinstall | Tcheck | Ttotal | Status | Flags |
---|---|---|---|---|---|---|
r-devel-linux-x86_64-debian-clang | 1.1.0 | 32.08 | 292.57 | 324.65 | OK | |
r-devel-linux-x86_64-debian-gcc | 1.1.0 | 20.44 | 183.89 | 204.33 | OK | |
r-devel-linux-x86_64-fedora-clang | 1.1.0 | 532.13 | OK | |||
r-devel-linux-x86_64-fedora-gcc | 1.1.0 | 484.00 | OK | |||
r-devel-windows-x86_64 | 1.1.0 | 33.00 | 282.00 | 315.00 | OK | |
r-patched-linux-x86_64 | 1.1.0 | 35.66 | 271.61 | 307.27 | OK | |
r-release-linux-x86_64 | 1.1.0 | 30.73 | 273.06 | 303.79 | OK | |
r-release-macos-arm64 | 1.1.0 | 131.00 | OK | |||
r-release-macos-x86_64 | 1.1.0 | 361.00 | OK | |||
r-release-windows-x86_64 | 1.1.0 | 35.00 | 276.00 | 311.00 | OK | |
r-oldrel-macos-arm64 | 1.1.0 | 128.00 | NOTE | |||
r-oldrel-macos-x86_64 | 1.1.0 | 258.00 | NOTE | |||
r-oldrel-windows-x86_64 | 1.1.0 | 43.00 | 364.00 | 407.00 | OK |
Version: 1.1.0
Check: installed package size
Result: NOTE
installed size is 5.6Mb
sub-directories of 1Mb or more:
data 4.2Mb
Flavors: r-oldrel-macos-arm64, r-oldrel-macos-x86_64