CRAN Package Check Results for Package neonstore

Last updated on 2025-04-30 04:50:12 CEST.

Flavor Version Tinstall Tcheck Ttotal Status Flags
r-devel-linux-x86_64-debian-clang 0.5.1 7.67 60.42 68.09 NOTE
r-devel-linux-x86_64-debian-gcc 0.5.1 4.99 43.30 48.29 NOTE
r-devel-linux-x86_64-fedora-clang 0.5.1 108.89 NOTE
r-devel-linux-x86_64-fedora-gcc 0.5.1 98.97 NOTE
r-devel-windows-x86_64 0.5.1 8.00 78.00 86.00 NOTE
r-patched-linux-x86_64 0.5.1 7.21 55.40 62.61 NOTE
r-release-linux-x86_64 0.5.1 7.15 55.31 62.46 NOTE
r-release-macos-arm64 0.5.1 43.00 NOTE
r-release-macos-x86_64 0.5.1 62.00 NOTE
r-release-windows-x86_64 0.5.1 10.00 76.00 86.00 NOTE
r-oldrel-macos-arm64 0.5.1 34.00 OK
r-oldrel-macos-x86_64 0.5.1 47.00 OK
r-oldrel-windows-x86_64 0.5.1 11.00 88.00 99.00 OK

Check Details

Version: 0.5.1
Check: DESCRIPTION meta-information
Result: NOTE Missing dependency on R >= 4.1.0 because package code uses the pipe |> or function shorthand \(...) syntax added in R 4.1.0. File(s) using such syntax: ‘neon_cloud.R’ Flavors: r-devel-linux-x86_64-debian-clang, r-devel-linux-x86_64-debian-gcc, r-devel-linux-x86_64-fedora-clang, r-devel-linux-x86_64-fedora-gcc, r-devel-windows-x86_64, r-patched-linux-x86_64, r-release-linux-x86_64, r-release-macos-arm64, r-release-macos-x86_64, r-release-windows-x86_64