Last updated on 2025-02-21 03:52:20 CET.
Flavor | Version | Tinstall | Tcheck | Ttotal | Status | Flags |
---|---|---|---|---|---|---|
r-devel-linux-x86_64-debian-clang | 1.22.6 | 103.41 | 361.43 | 464.84 | OK | |
r-devel-linux-x86_64-debian-gcc | 1.22.6 | 80.97 | 229.31 | 310.28 | OK | |
r-devel-linux-x86_64-fedora-clang | 1.22.6 | 783.60 | OK | |||
r-devel-linux-x86_64-fedora-gcc | 1.22.6 | 766.89 | OK | |||
r-devel-macos-arm64 | 1.22.6 | 176.00 | OK | |||
r-devel-macos-x86_64 | 1.22.6 | 427.00 | OK | |||
r-devel-windows-x86_64 | 1.22.6 | 108.00 | 268.00 | 376.00 | OK | --no-vignettes |
r-patched-linux-x86_64 | 1.22.6 | 111.81 | 338.42 | 450.23 | OK | |
r-release-linux-x86_64 | 1.22.6 | 109.09 | 335.75 | 444.84 | OK | |
r-release-macos-arm64 | 1.22.6 | 177.00 | NOTE | |||
r-release-macos-x86_64 | 1.22.6 | 252.00 | NOTE | |||
r-release-windows-x86_64 | 1.22.6 | 115.00 | 244.00 | 359.00 | NOTE | --no-vignettes |
r-oldrel-macos-arm64 | 1.22.6 | 195.00 | NOTE | |||
r-oldrel-macos-x86_64 | 1.22.6 | 361.00 | NOTE | |||
r-oldrel-windows-x86_64 | 1.22.6 | 139.00 | 316.00 | 455.00 | NOTE | --no-vignettes |
Version: 1.22.6
Check: installed package size
Result: NOTE
installed size is 9.9Mb
sub-directories of 1Mb or more:
doc 2.5Mb
libs 5.5Mb
Flavors: r-release-macos-arm64, r-release-macos-x86_64, r-oldrel-macos-arm64, r-oldrel-macos-x86_64
Version: 1.22.6
Flags: --no-vignettes
Check: installed package size
Result: NOTE
installed size is 5.8Mb
sub-directories of 1Mb or more:
doc 2.5Mb
libs 1.5Mb
Flavors: r-release-windows-x86_64, r-oldrel-windows-x86_64