Last updated on 2025-04-30 04:50:12 CEST.
Flavor | Version | Tinstall | Tcheck | Ttotal | Status | Flags |
---|---|---|---|---|---|---|
r-devel-linux-x86_64-debian-clang | 1.1.0 | 10.32 | 89.22 | 99.54 | NOTE | |
r-devel-linux-x86_64-debian-gcc | 1.1.0 | 6.90 | 59.78 | 66.68 | OK | |
r-devel-linux-x86_64-fedora-clang | 1.1.0 | 160.13 | OK | |||
r-devel-linux-x86_64-fedora-gcc | 1.1.0 | 151.76 | OK | |||
r-devel-windows-x86_64 | 1.1.0 | 15.00 | 96.00 | 111.00 | OK | |
r-patched-linux-x86_64 | 1.0.1 | 8.00 | 68.40 | 76.40 | OK | |
r-release-linux-x86_64 | 1.0.1 | 8.25 | 68.61 | 76.86 | OK | |
r-release-macos-arm64 | 1.1.0 | 41.00 | OK | |||
r-release-macos-x86_64 | 1.1.0 | 86.00 | OK | |||
r-release-windows-x86_64 | 1.1.0 | 11.00 | 98.00 | 109.00 | OK | |
r-oldrel-macos-arm64 | 1.1.0 | 47.00 | OK | |||
r-oldrel-macos-x86_64 | 1.1.0 | 88.00 | OK | |||
r-oldrel-windows-x86_64 | 1.0.1 | 12.00 | 100.00 | 112.00 | OK |
Version: 1.1.0
Check: examples
Result: NOTE
Examples with CPU (user + system) or elapsed time > 5s
user system elapsed
compare_MEMS 6.070 0.054 7.381
mediate_MEMS 6.003 0.027 7.215
Flavor: r-devel-linux-x86_64-debian-clang