CRAN Package Check Results for Package netrankr

Last updated on 2025-04-30 04:50:12 CEST.

Flavor Version Tinstall Tcheck Ttotal Status Flags
r-devel-linux-x86_64-debian-clang 1.2.4 108.70 110.93 219.63 OK
r-devel-linux-x86_64-debian-gcc 1.2.4 72.48 86.70 159.18 OK
r-devel-linux-x86_64-fedora-clang 1.2.4 434.35 OK
r-devel-linux-x86_64-fedora-gcc 1.2.4 383.90 OK
r-devel-windows-x86_64 1.2.4 121.00 172.00 293.00 OK
r-patched-linux-x86_64 1.2.4 105.60 106.43 212.03 OK
r-release-linux-x86_64 1.2.4 102.48 106.79 209.27 OK
r-release-macos-arm64 1.2.4 117.00 OK
r-release-macos-x86_64 1.2.4 164.00 OK
r-release-windows-x86_64 1.2.4 123.00 156.00 279.00 OK
r-oldrel-macos-arm64 1.2.4 122.00 NOTE
r-oldrel-macos-x86_64 1.2.4 210.00 NOTE
r-oldrel-windows-x86_64 1.2.4 135.00 186.00 321.00 OK

Check Details

Version: 1.2.4
Check: installed package size
Result: NOTE installed size is 7.4Mb sub-directories of 1Mb or more: doc 1.7Mb libs 5.4Mb Flavors: r-oldrel-macos-arm64, r-oldrel-macos-x86_64