Last updated on 2025-04-30 04:50:12 CEST.
Flavor | Version | Tinstall | Tcheck | Ttotal | Status | Flags |
---|---|---|---|---|---|---|
r-devel-linux-x86_64-debian-clang | 0.9.1 | 3.26 | 25.71 | 28.97 | NOTE | |
r-devel-linux-x86_64-debian-gcc | 0.9.1 | 3.36 | 19.83 | 23.19 | NOTE | |
r-devel-linux-x86_64-fedora-clang | 0.9.1 | 46.91 | OK | |||
r-devel-linux-x86_64-fedora-gcc | 0.9.1 | 43.50 | OK | |||
r-devel-windows-x86_64 | 0.9.1 | 7.00 | 49.00 | 56.00 | OK | |
r-patched-linux-x86_64 | 0.9.1 | 4.26 | 24.72 | 28.98 | NOTE | |
r-release-linux-x86_64 | 0.9.1 | 4.02 | 24.37 | 28.39 | NOTE | |
r-release-macos-arm64 | 0.9.1 | 21.00 | OK | |||
r-release-macos-x86_64 | 0.9.1 | 33.00 | OK | |||
r-release-windows-x86_64 | 0.9.1 | 8.00 | 48.00 | 56.00 | OK | |
r-oldrel-macos-arm64 | 0.9.1 | 20.00 | OK | |||
r-oldrel-macos-x86_64 | 0.9.1 | 41.00 | OK | |||
r-oldrel-windows-x86_64 | 0.9.1 | 9.00 | 48.00 | 57.00 | OK |
Version: 0.9.1
Check: CRAN incoming feasibility
Result: NOTE
Maintainer: ‘Christian Brownlees <christian.brownlees@upf.edu>’
No Authors@R field in DESCRIPTION.
Please add one, modifying
Authors@R: person(given = "Christian",
family = "Brownlees",
role = c("aut", "cre"),
email = "christian.brownlees@upf.edu")
as necessary.
Flavors: r-devel-linux-x86_64-debian-clang, r-devel-linux-x86_64-debian-gcc
Version: 0.9.1
Check: for unstated dependencies in ‘demo’
Result: NOTE
'library' or 'require' call not declared from: ‘MASS’
Flavors: r-devel-linux-x86_64-debian-clang, r-devel-linux-x86_64-debian-gcc, r-patched-linux-x86_64, r-release-linux-x86_64