Last updated on 2025-02-21 03:52:20 CET.
Flavor | Version | Tinstall | Tcheck | Ttotal | Status | Flags |
---|---|---|---|---|---|---|
r-devel-linux-x86_64-debian-clang | 0.1.2 | 21.62 | 59.51 | 81.13 | NOTE | |
r-devel-linux-x86_64-debian-gcc | 0.1.2 | 16.51 | 42.96 | 59.47 | NOTE | |
r-devel-linux-x86_64-fedora-clang | 0.1.2 | 137.66 | NOTE | |||
r-devel-linux-x86_64-fedora-gcc | 0.1.2 | 126.74 | NOTE | |||
r-devel-macos-arm64 | 0.1.2 | 39.00 | NOTE | |||
r-devel-macos-x86_64 | 0.1.2 | 76.00 | NOTE | |||
r-devel-windows-x86_64 | 0.1.2 | 26.00 | 90.00 | 116.00 | NOTE | |
r-patched-linux-x86_64 | 0.1.2 | 22.10 | 54.24 | 76.34 | NOTE | |
r-release-linux-x86_64 | 0.1.2 | 21.90 | 54.50 | 76.40 | NOTE | |
r-release-macos-arm64 | 0.1.2 | 36.00 | NOTE | |||
r-release-macos-x86_64 | 0.1.2 | 57.00 | NOTE | |||
r-release-windows-x86_64 | 0.1.2 | 25.00 | 95.00 | 120.00 | NOTE | |
r-oldrel-macos-arm64 | 0.1.2 | 44.00 | NOTE | |||
r-oldrel-macos-x86_64 | 0.1.2 | 76.00 | NOTE | |||
r-oldrel-windows-x86_64 | 0.1.2 | 32.00 | 109.00 | 141.00 | NOTE |
Version: 0.1.2
Check: C++ specification
Result: NOTE
Specified C++11: please drop specification unless essential
Flavors: r-devel-linux-x86_64-debian-clang, r-devel-linux-x86_64-debian-gcc, r-devel-linux-x86_64-fedora-clang, r-devel-linux-x86_64-fedora-gcc, r-devel-macos-arm64, r-devel-macos-x86_64, r-devel-windows-x86_64, r-patched-linux-x86_64, r-release-linux-x86_64, r-release-macos-arm64, r-release-macos-x86_64, r-release-windows-x86_64, r-oldrel-macos-arm64, r-oldrel-macos-x86_64, r-oldrel-windows-x86_64