CRAN Package Check Results for Package networkscaleup

Last updated on 2025-04-30 04:50:12 CEST.

Flavor Version Tinstall Tcheck Ttotal Status Flags
r-devel-linux-x86_64-debian-clang 0.1-2 2040.50 276.23 2316.73 NOTE
r-devel-linux-x86_64-debian-gcc 0.1-2 1909.78 350.25 2260.03 NOTE
r-devel-linux-x86_64-fedora-clang 0.1-2 3585.25 NOTE
r-devel-linux-x86_64-fedora-gcc 0.1-2 5365.64 NOTE
r-devel-windows-x86_64 0.1-2 2187.00 545.00 2732.00 OK
r-patched-linux-x86_64 0.1-2 2456.89 497.07 2953.96 OK
r-release-linux-x86_64 0.1-2 2480.69 494.64 2975.33 OK
r-release-macos-arm64 0.1-2 937.00 OK
r-release-macos-x86_64 0.1-2 977.00 OK
r-release-windows-x86_64 0.1-2 2163.00 516.00 2679.00 OK
r-oldrel-macos-arm64 0.1-2 523.00 NOTE
r-oldrel-macos-x86_64 0.1-2 387.00 NOTE
r-oldrel-windows-x86_64 0.1-2 2395.00 615.00 3010.00 NOTE

Check Details

Version: 0.1-2
Check: CRAN incoming feasibility
Result: NOTE Maintainer: ‘Ian Laga <ilaga25@gmail.com>’ The Description field contains Niu, X (2021) <arXiv:2109.10204>, Zheng, T., Salganik, M. J., and Please refer to arXiv e-prints via their arXiv DOI <doi:10.48550/arXiv.YYMM.NNNNN>. Flavors: r-devel-linux-x86_64-debian-clang, r-devel-linux-x86_64-debian-gcc

Version: 0.1-2
Check: dependencies in R code
Result: NOTE Namespaces in Imports field not imported from: ‘RcppParallel’ ‘rstantools’ All declared Imports should be used. Flavors: r-devel-linux-x86_64-fedora-clang, r-devel-linux-x86_64-fedora-gcc

Version: 0.1-2
Check: installed package size
Result: NOTE installed size is 244.2Mb sub-directories of 1Mb or more: libs 243.5Mb Flavors: r-oldrel-macos-arm64, r-oldrel-macos-x86_64, r-oldrel-windows-x86_64

Version: 0.1-2
Check: for GNU extensions in Makefiles
Result: NOTE GNU make is a SystemRequirements. Flavors: r-oldrel-macos-arm64, r-oldrel-macos-x86_64, r-oldrel-windows-x86_64