CRAN Package Check Results for Package networktree

Last updated on 2025-02-21 03:52:20 CET.

Flavor Version Tinstall Tcheck Ttotal Status Flags
r-devel-linux-x86_64-debian-clang 1.0.1 8.42 59.44 67.86 NOTE
r-devel-linux-x86_64-debian-gcc 1.0.1 5.19 43.44 48.63 NOTE
r-devel-linux-x86_64-fedora-clang 1.0.1 103.58 NOTE
r-devel-linux-x86_64-fedora-gcc 1.0.1 99.19 NOTE
r-devel-macos-arm64 1.0.1 36.00 NOTE
r-devel-macos-x86_64 1.0.1 60.00 NOTE
r-devel-windows-x86_64 1.0.1 9.00 74.00 83.00 NOTE
r-patched-linux-x86_64 1.0.1 7.21 55.23 62.44 NOTE
r-release-linux-x86_64 1.0.1 7.76 55.15 62.91 NOTE
r-release-macos-arm64 1.0.1 38.00 NOTE
r-release-macos-x86_64 1.0.1 53.00 NOTE
r-release-windows-x86_64 1.0.1 9.00 73.00 82.00 NOTE
r-oldrel-macos-arm64 1.0.1 39.00 OK
r-oldrel-macos-x86_64 1.0.1 57.00 OK
r-oldrel-windows-x86_64 1.0.1 12.00 126.00 138.00 OK

Check Details

Version: 1.0.1
Check: Rd files
Result: NOTE checkRd: (-1) networktree.Rd:56: Lost braces; missing escapes or markup? 56 | with a matrix response {y}. \code{x1} and \code{x2} are used as | ^ Flavors: r-devel-linux-x86_64-debian-clang, r-devel-linux-x86_64-debian-gcc, r-devel-linux-x86_64-fedora-clang, r-devel-linux-x86_64-fedora-gcc, r-devel-macos-arm64, r-devel-macos-x86_64, r-devel-windows-x86_64, r-patched-linux-x86_64, r-release-linux-x86_64, r-release-macos-arm64, r-release-macos-x86_64, r-release-windows-x86_64