Last updated on 2025-04-30 04:50:12 CEST.
Flavor | Version | Tinstall | Tcheck | Ttotal | Status | Flags |
---|---|---|---|---|---|---|
r-devel-linux-x86_64-debian-clang | 0.3.1 | 3.01 | 116.86 | 119.87 | NOTE | |
r-devel-linux-x86_64-debian-gcc | 0.3.1 | 2.04 | 77.93 | 79.97 | NOTE | |
r-devel-linux-x86_64-fedora-clang | 0.3.1 | 193.62 | OK | |||
r-devel-linux-x86_64-fedora-gcc | 0.3.1 | 194.05 | OK | |||
r-devel-windows-x86_64 | 0.3.1 | 5.00 | 127.00 | 132.00 | OK | |
r-patched-linux-x86_64 | 0.3.1 | 3.03 | 109.29 | 112.32 | OK | |
r-release-linux-x86_64 | 0.3.1 | 2.87 | 110.83 | 113.70 | OK | |
r-release-macos-arm64 | 0.3.1 | 65.00 | OK | |||
r-release-macos-x86_64 | 0.3.1 | 198.00 | OK | |||
r-release-windows-x86_64 | 0.3.1 | 7.00 | 122.00 | 129.00 | OK | |
r-oldrel-macos-arm64 | 0.3.1 | 58.00 | OK | |||
r-oldrel-macos-x86_64 | 0.3.1 | 121.00 | OK | |||
r-oldrel-windows-x86_64 | 0.3.1 | 5.00 | 150.00 | 155.00 | OK |
Version: 0.3.1
Check: examples
Result: NOTE
Examples with CPU (user + system) or elapsed time > 5s
user system elapsed
estim_corr 6.503 0.161 8.430
estim_diff 6.545 0.029 8.939
Flavor: r-devel-linux-x86_64-debian-clang
Version: 0.3.1
Check: examples
Result: NOTE
Examples with CPU (user + system) or elapsed time > 5s
user system elapsed
estim_diff 3.938 0.113 5.065
estim_corr 3.889 0.101 5.048
Flavor: r-devel-linux-x86_64-debian-gcc