Last updated on 2025-04-30 04:50:12 CEST.
Flavor | Version | Tinstall | Tcheck | Ttotal | Status | Flags |
---|---|---|---|---|---|---|
r-devel-linux-x86_64-debian-clang | 0.8.1 | 78.24 | 858.49 | 936.73 | OK | |
r-devel-linux-x86_64-debian-gcc | 0.8.1 | 56.46 | 479.46 | 535.92 | OK | |
r-devel-linux-x86_64-fedora-clang | 0.8.1 | 1573.83 | OK | |||
r-devel-linux-x86_64-fedora-gcc | 0.8.1 | 1491.65 | OK | |||
r-devel-windows-x86_64 | 0.8.1 | 92.00 | 734.00 | 826.00 | OK | |
r-patched-linux-x86_64 | 0.8.1 | 82.94 | 804.57 | 887.51 | OK | |
r-release-linux-x86_64 | 0.8.1 | 81.74 | 810.94 | 892.68 | OK | |
r-release-macos-arm64 | 0.8.1 | 253.00 | OK | |||
r-release-macos-x86_64 | 0.8.1 | 617.00 | OK | |||
r-release-windows-x86_64 | 0.8.1 | 97.00 | 717.00 | 814.00 | OK | |
r-oldrel-macos-arm64 | 0.8.1 | 311.00 | NOTE | |||
r-oldrel-macos-x86_64 | 0.8.1 | 787.00 | NOTE | |||
r-oldrel-windows-x86_64 | 0.8.1 | 109.00 | 1089.00 | 1198.00 | NOTE |
Version: 0.8.1
Check: installed package size
Result: NOTE
installed size is 8.3Mb
sub-directories of 1Mb or more:
R 2.0Mb
extdata 1.6Mb
libs 3.8Mb
Flavors: r-oldrel-macos-arm64, r-oldrel-macos-x86_64, r-oldrel-windows-x86_64