CRAN Package Check Results for Package neutralitytestr

Last updated on 2025-04-30 04:50:12 CEST.

Flavor Version Tinstall Tcheck Ttotal Status Flags
r-devel-linux-x86_64-debian-clang 0.0.3 1.53 50.36 51.89 NOTE
r-devel-linux-x86_64-debian-gcc 0.0.3 1.68 37.25 38.93 OK
r-devel-linux-x86_64-fedora-clang 0.0.3 81.44 OK
r-devel-linux-x86_64-fedora-gcc 0.0.3 88.87 OK
r-devel-windows-x86_64 0.0.3 5.00 75.00 80.00 OK
r-patched-linux-x86_64 0.0.3 1.87 47.37 49.24 OK
r-release-linux-x86_64 0.0.3 2.00 47.13 49.13 OK
r-release-macos-arm64 0.0.3 33.00 OK
r-release-macos-x86_64 0.0.3 65.00 OK
r-release-windows-x86_64 0.0.3 6.00 68.00 74.00 OK
r-oldrel-macos-arm64 0.0.3 34.00 OK
r-oldrel-macos-x86_64 0.0.3 87.00 OK
r-oldrel-windows-x86_64 0.0.3 5.00 75.00 80.00 OK

Check Details

Version: 0.0.3
Check: examples
Result: NOTE Examples with CPU (user + system) or elapsed time > 5s user system elapsed lsq_plot 4.246 0.281 5.887 Flavor: r-devel-linux-x86_64-debian-clang