Last updated on 2025-04-30 04:50:12 CEST.
Flavor | Version | Tinstall | Tcheck | Ttotal | Status | Flags |
---|---|---|---|---|---|---|
r-devel-linux-x86_64-debian-clang | 0.5.0 | 10.30 | 74.10 | 84.40 | NOTE | |
r-devel-linux-x86_64-debian-gcc | 0.5.0 | 8.59 | 53.38 | 61.97 | NOTE | |
r-devel-linux-x86_64-fedora-clang | 0.5.0 | 139.64 | OK | |||
r-devel-linux-x86_64-fedora-gcc | 0.5.0 | 142.87 | OK | |||
r-devel-windows-x86_64 | 0.5.0 | 13.00 | 128.00 | 141.00 | OK | |
r-patched-linux-x86_64 | 0.5.0 | 14.23 | 69.37 | 83.60 | OK | |
r-release-linux-x86_64 | 0.5.0 | 10.78 | 69.54 | 80.32 | OK | |
r-release-macos-arm64 | 0.5.0 | 74.00 | OK | |||
r-release-macos-x86_64 | 0.5.0 | 172.00 | OK | |||
r-release-windows-x86_64 | 0.5.0 | 12.00 | 104.00 | 116.00 | OK | |
r-oldrel-macos-arm64 | 0.5.0 | 56.00 | OK | |||
r-oldrel-macos-x86_64 | 0.5.0 | 174.00 | OK | |||
r-oldrel-windows-x86_64 | 0.5.0 | 12.00 | 119.00 | 131.00 | OK |
Version: 0.5.0
Check: DESCRIPTION meta-information
Result: NOTE
Author field differs from that derived from Authors@R
Author: ‘Nicolas Frerebeau [aut, cre] (<https://orcid.org/0000-0001-5759-4944>), Anne Philippe [aut] (<https://orcid.org/0000-0002-5331-5087>), Brice Lebrun [art] (<https://orcid.org/0000-0001-7503-8685>, Logo designer), Université Bordeaux Montaigne [fnd] (03pbgwk21), CNRS [fnd] (02feahw73)’
Authors@R: ‘Nicolas Frerebeau [aut, cre] (ORCID: <https://orcid.org/0000-0001-5759-4944>), Anne Philippe [aut] (ORCID: <https://orcid.org/0000-0002-5331-5087>), Brice Lebrun [art] (ORCID: <https://orcid.org/0000-0001-7503-8685>, Logo designer), Université Bordeaux Montaigne [fnd] (ROR: <https://ror.org/03pbgwk21>), CNRS [fnd] (ROR: <https://ror.org/02feahw73>)’
Flavors: r-devel-linux-x86_64-debian-clang, r-devel-linux-x86_64-debian-gcc