Last updated on 2025-04-30 04:50:12 CEST.
Flavor | Version | Tinstall | Tcheck | Ttotal | Status | Flags |
---|---|---|---|---|---|---|
r-devel-linux-x86_64-debian-clang | 1.3 | 5.79 | 55.18 | 60.97 | OK | |
r-devel-linux-x86_64-debian-gcc | 1.3 | 3.47 | 41.81 | 45.28 | NOTE | |
r-devel-linux-x86_64-fedora-clang | 1.3 | 96.10 | OK | |||
r-devel-linux-x86_64-fedora-gcc | 1.3 | 104.22 | OK | |||
r-devel-windows-x86_64 | 1.3 | 7.00 | 88.00 | 95.00 | OK | |
r-patched-linux-x86_64 | 1.3 | 5.33 | 50.86 | 56.19 | OK | |
r-release-linux-x86_64 | 1.3 | 5.54 | 50.59 | 56.13 | OK | |
r-release-macos-arm64 | 1.3 | 41.00 | OK | |||
r-release-macos-x86_64 | 1.3 | 84.00 | OK | |||
r-release-windows-x86_64 | 1.3 | 8.00 | 80.00 | 88.00 | OK | |
r-oldrel-macos-arm64 | 1.3 | 63.00 | OK | |||
r-oldrel-macos-x86_64 | 1.3 | 77.00 | OK | |||
r-oldrel-windows-x86_64 | 1.3 | 8.00 | 83.00 | 91.00 | OK |
Version: 1.3
Check: examples
Result: NOTE
Examples with CPU (user + system) or elapsed time > 5s
user system elapsed
nhanesTables 0.375 0.171 6.266
Flavor: r-devel-linux-x86_64-debian-gcc