Last updated on 2025-11-03 03:49:48 CET.
| Flavor | Version | Tinstall | Tcheck | Ttotal | Status | Flags |
|---|---|---|---|---|---|---|
| r-devel-linux-x86_64-debian-clang | 0.1.2 | 8.99 | 61.92 | 70.91 | OK | |
| r-devel-linux-x86_64-debian-gcc | 0.1.2 | 5.80 | 44.20 | 50.00 | OK | |
| r-devel-linux-x86_64-fedora-clang | 0.1.2 | 19.00 | 90.48 | 109.48 | OK | |
| r-devel-linux-x86_64-fedora-gcc | 0.1.2 | 19.00 | 100.43 | 119.43 | OK | |
| r-devel-windows-x86_64 | 0.1.2 | 11.00 | 95.00 | 106.00 | OK | |
| r-patched-linux-x86_64 | 0.1.2 | 7.54 | 59.08 | 66.62 | OK | |
| r-release-linux-x86_64 | 0.1.2 | 8.36 | 59.38 | 67.74 | OK | |
| r-release-macos-arm64 | 0.1.2 | 5.00 | 38.00 | 43.00 | OK | |
| r-release-macos-x86_64 | 0.1.2 | 7.00 | 106.00 | 113.00 | OK | |
| r-release-windows-x86_64 | 0.1.2 | 12.00 | 96.00 | 108.00 | OK | |
| r-oldrel-macos-arm64 | 0.1.2 | 5.00 | 40.00 | 45.00 | NOTE | |
| r-oldrel-macos-x86_64 | 0.1.2 | 7.00 | 126.00 | 133.00 | NOTE | |
| r-oldrel-windows-x86_64 | 0.1.2 | 16.00 | 105.00 | 121.00 | NOTE |
Version: 0.1.2
Check: installed files from ‘inst/doc’
Result: NOTE
The following files should probably not be installed:
‘nhm-manual.tex’
Consider the use of a .Rinstignore file: see ‘Writing R Extensions’,
or move the vignette sources from ‘inst/doc’ to ‘vignettes’.
Flavors: r-oldrel-macos-arm64, r-oldrel-macos-x86_64, r-oldrel-windows-x86_64