CRAN Package Check Results for Package nhm

Last updated on 2025-04-30 04:50:12 CEST.

Flavor Version Tinstall Tcheck Ttotal Status Flags
r-devel-linux-x86_64-debian-clang 0.1.1 6.10 50.11 56.21 NOTE
r-devel-linux-x86_64-debian-gcc 0.1.1 4.18 37.02 41.20 NOTE
r-devel-linux-x86_64-fedora-clang 0.1.1 93.19 OK
r-devel-linux-x86_64-fedora-gcc 0.1.1 101.25 OK
r-devel-windows-x86_64 0.1.1 9.00 85.00 94.00 NOTE
r-patched-linux-x86_64 0.1.1 6.57 48.33 54.90 NOTE
r-release-linux-x86_64 0.1.1 5.96 48.44 54.40 NOTE
r-release-macos-arm64 0.1.1 46.00 OK
r-release-macos-x86_64 0.1.1 75.00 OK
r-release-windows-x86_64 0.1.1 10.00 84.00 94.00 NOTE
r-oldrel-macos-arm64 0.1.1 33.00 OK
r-oldrel-macos-x86_64 0.1.1 52.00 OK
r-oldrel-windows-x86_64 0.1.1 11.00 89.00 100.00 OK

Check Details

Version: 0.1.1
Check: Rd cross-references
Result: NOTE Found the following Rd file(s) with Rd \link{} targets missing package anchors: nhm.control.Rd: maxLik Please provide package anchors for all Rd \link{} targets not in the package itself and the base packages. Flavors: r-devel-linux-x86_64-debian-clang, r-devel-linux-x86_64-debian-gcc, r-devel-windows-x86_64, r-patched-linux-x86_64, r-release-linux-x86_64, r-release-windows-x86_64

Version: 0.1.1
Check: examples
Result: NOTE Examples with CPU (user + system) or elapsed time > 5s user system elapsed nhm 5.17 0.062 6.576 Flavor: r-devel-linux-x86_64-debian-clang