Last updated on 2025-04-30 04:50:12 CEST.
Flavor | Version | Tinstall | Tcheck | Ttotal | Status | Flags |
---|---|---|---|---|---|---|
r-devel-linux-x86_64-debian-clang | 1.1.0 | 10.34 | 190.84 | 201.18 | NOTE | |
r-devel-linux-x86_64-debian-gcc | 1.1.0 | 7.62 | 112.59 | 120.21 | NOTE | |
r-devel-linux-x86_64-fedora-clang | 1.1.0 | 362.34 | NOTE | |||
r-devel-linux-x86_64-fedora-gcc | 1.1.0 | 341.74 | NOTE | |||
r-devel-windows-x86_64 | 1.1.0 | 14.00 | 204.00 | 218.00 | NOTE | |
r-patched-linux-x86_64 | 1.1.0 | 10.45 | 179.68 | 190.13 | NOTE | |
r-release-linux-x86_64 | 1.1.0 | 10.01 | 179.70 | 189.71 | NOTE | |
r-release-macos-arm64 | 1.1.0 | 84.00 | NOTE | |||
r-release-macos-x86_64 | 1.1.0 | 192.00 | NOTE | |||
r-release-windows-x86_64 | 1.1.0 | 14.00 | 184.00 | 198.00 | NOTE | |
r-oldrel-macos-arm64 | 1.1.0 | 70.00 | NOTE | |||
r-oldrel-macos-x86_64 | 1.1.0 | 130.00 | NOTE | |||
r-oldrel-windows-x86_64 | 1.1.0 | 12.00 | 249.00 | 261.00 | NOTE |
Version: 1.1.0
Check: Rd files
Result: NOTE
checkRd: (-1) bootstrap_param_est.Rd:52: Lost braces in \itemize; meant \describe ?
checkRd: (-1) bootstrap_param_est.Rd:53: Lost braces in \itemize; meant \describe ?
checkRd: (-1) bootstrap_param_est.Rd:54: Lost braces in \itemize; meant \describe ?
checkRd: (-1) get_emission.Rd:25: Lost braces in \itemize; meant \describe ?
checkRd: (-1) get_emission.Rd:26: Lost braces in \itemize; meant \describe ?
checkRd: (-1) get_emission.Rd:27: Lost braces in \itemize; meant \describe ?
checkRd: (-1) impute.Rd:51: Lost braces in \itemize; meant \describe ?
checkRd: (-1) impute.Rd:52: Lost braces in \itemize; meant \describe ?
checkRd: (-1) impute.Rd:53: Lost braces in \itemize; meant \describe ?
checkRd: (-1) impute_ref.Rd:54: Lost braces in \itemize; meant \describe ?
checkRd: (-1) impute_ref.Rd:55: Lost braces in \itemize; meant \describe ?
checkRd: (-1) impute_ref.Rd:56: Lost braces in \itemize; meant \describe ?
checkRd: (-1) sim_data.Rd:42: Lost braces in \itemize; \value handles \item{}{} directly
checkRd: (-1) sim_data.Rd:43: Lost braces in \itemize; \value handles \item{}{} directly
checkRd: (-1) sim_data.Rd:44: Lost braces in \itemize; \value handles \item{}{} directly
Flavors: r-devel-linux-x86_64-debian-clang, r-devel-linux-x86_64-debian-gcc, r-devel-linux-x86_64-fedora-clang, r-devel-linux-x86_64-fedora-gcc, r-devel-windows-x86_64, r-patched-linux-x86_64, r-release-linux-x86_64, r-release-macos-arm64, r-release-macos-x86_64, r-release-windows-x86_64, r-oldrel-macos-arm64, r-oldrel-macos-x86_64, r-oldrel-windows-x86_64
Version: 1.1.0
Check: examples
Result: NOTE
Examples with CPU (user + system) or elapsed time > 5s
user system elapsed
impute_ref 5.299 0 6.313
Flavor: r-devel-linux-x86_64-debian-clang