CRAN Package Check Results for Package nilde

Last updated on 2025-04-30 04:50:12 CEST.

Flavor Version Tinstall Tcheck Ttotal Status Flags
r-devel-linux-x86_64-debian-clang 1.1-7 2.70 29.70 32.40 NOTE
r-devel-linux-x86_64-debian-gcc 1.1-7 2.07 21.51 23.58 NOTE
r-devel-linux-x86_64-fedora-clang 1.1-7 53.39 OK
r-devel-linux-x86_64-fedora-gcc 1.1-7 49.41 OK
r-devel-windows-x86_64 1.1-7 4.00 54.00 58.00 OK
r-patched-linux-x86_64 1.1-7 2.75 28.56 31.31 OK
r-release-linux-x86_64 1.1-7 2.46 28.80 31.26 OK
r-release-macos-arm64 1.1-7 21.00 OK
r-release-macos-x86_64 1.1-7 33.00 OK
r-release-windows-x86_64 1.1-7 3.00 52.00 55.00 OK
r-oldrel-macos-arm64 1.1-7 18.00 OK
r-oldrel-macos-x86_64 1.1-7 30.00 OK
r-oldrel-windows-x86_64 1.1-7 4.00 56.00 60.00 OK

Check Details

Version: 1.1-7
Check: CRAN incoming feasibility
Result: NOTE Maintainer: ‘Natalya Pya Arnqvist <nat.pya@gmail.com>’ No Authors@R field in DESCRIPTION. Please add one, modifying Authors@R: c(person(given = c("Natalya", "Pya"), family = "Arnqvist", role = c("aut", "cre"), email = "nat.pya@gmail.com"), person(given = "Vassilly", family = "Voinov", role = "aut"), person(given = "Rashid", family = "Makarov", role = "aut"), person(given = "Yevgeniy", family = "Voinov", role = "aut")) as necessary. Flavors: r-devel-linux-x86_64-debian-clang, r-devel-linux-x86_64-debian-gcc

Version: 1.1-7
Check: examples
Result: NOTE Examples with CPU (user + system) or elapsed time > 5s user system elapsed bin.packing 4.051 0.013 5.549 Flavor: r-devel-linux-x86_64-debian-clang