CRAN Package Check Results for Package nima

Last updated on 2025-04-30 04:50:12 CEST.

Flavor Version Tinstall Tcheck Ttotal Status Flags
r-devel-linux-x86_64-debian-clang 0.6.2 6.18 53.96 60.14 OK
r-devel-linux-x86_64-debian-gcc 0.6.2 3.95 38.06 42.01 OK
r-devel-linux-x86_64-fedora-clang 0.6.2 83.47 OK
r-devel-linux-x86_64-fedora-gcc 0.6.2 79.45 OK
r-devel-windows-x86_64 0.6.2 8.00 92.00 100.00 OK
r-patched-linux-x86_64 0.6.2 5.90 49.70 55.60 OK
r-release-linux-x86_64 0.6.2 5.83 49.22 55.05 OK
r-release-macos-arm64 0.6.2 26.00 OK
r-release-macos-x86_64 0.6.2 44.00 OK
r-release-windows-x86_64 0.6.2 8.00 76.00 84.00 OK
r-oldrel-macos-arm64 0.6.2 25.00 NOTE
r-oldrel-macos-x86_64 0.6.2 45.00 NOTE
r-oldrel-windows-x86_64 0.6.2 10.00 85.00 95.00 NOTE

Check Details

Version: 0.6.2
Check: LazyData
Result: NOTE 'LazyData' is specified without a 'data' directory Flavors: r-oldrel-macos-arm64, r-oldrel-macos-x86_64, r-oldrel-windows-x86_64