Last updated on 2025-04-30 04:50:12 CEST.
Flavor | Version | Tinstall | Tcheck | Ttotal | Status | Flags |
---|---|---|---|---|---|---|
r-devel-linux-x86_64-debian-clang | 1.0.3 | 7.33 | 149.05 | 156.38 | NOTE | |
r-devel-linux-x86_64-debian-gcc | 1.0.3 | 6.53 | 118.20 | 124.73 | NOTE | |
r-devel-linux-x86_64-fedora-clang | 1.0.3 | 258.56 | OK | |||
r-devel-linux-x86_64-fedora-gcc | 1.0.3 | 274.63 | OK | |||
r-devel-windows-x86_64 | 1.0.3 | 9.00 | 187.00 | 196.00 | OK | |
r-patched-linux-x86_64 | 1.0.3 | 7.94 | 147.44 | 155.38 | OK | |
r-release-linux-x86_64 | 1.0.3 | 7.52 | 149.38 | 156.90 | OK | |
r-release-macos-arm64 | 1.0.3 | 89.00 | OK | |||
r-release-macos-x86_64 | 1.0.3 | 144.00 | OK | |||
r-release-windows-x86_64 | 1.0.3 | 10.00 | 165.00 | 175.00 | OK | |
r-oldrel-macos-arm64 | 1.0.3 | 74.00 | OK | |||
r-oldrel-macos-x86_64 | 1.0.3 | 213.00 | OK | |||
r-oldrel-windows-x86_64 | 1.0.3 | 11.00 | 195.00 | 206.00 | OK |
Version: 1.0.3
Check: CRAN incoming feasibility
Result: NOTE
Maintainer: ‘David Pleydell <david.pleydell@inrae.fr>’
No Authors@R field in DESCRIPTION.
Please add one, modifying
Authors@R: person(given = "David",
family = "Pleydell",
role = c("aut", "cre", "cph"),
email = "david.pleydell@inrae.fr",
comment = c("Package developer", ORCID = "0000-0002-6450-1475"))
as necessary.
Flavors: r-devel-linux-x86_64-debian-clang, r-devel-linux-x86_64-debian-gcc