CRAN Package Check Results for Package nixtlar

Last updated on 2025-04-30 04:50:12 CEST.

Flavor Version Tinstall Tcheck Ttotal Status Flags
r-devel-linux-x86_64-debian-clang 0.6.2 9.45 145.65 155.10 NOTE
r-devel-linux-x86_64-debian-gcc 0.6.2 6.47 110.47 116.94 NOTE
r-devel-linux-x86_64-fedora-clang 0.6.2 232.82 NOTE
r-devel-linux-x86_64-fedora-gcc 0.6.2 237.04 NOTE
r-devel-windows-x86_64 0.6.2 11.00 180.00 191.00 NOTE
r-patched-linux-x86_64 0.6.2 8.95 137.98 146.93 NOTE
r-release-linux-x86_64 0.6.2 7.58 138.26 145.84 NOTE
r-release-macos-arm64 0.6.2 78.00 NOTE
r-release-macos-x86_64 0.6.2 149.00 NOTE
r-release-windows-x86_64 0.6.2 12.00 169.00 181.00 NOTE
r-oldrel-macos-arm64 0.6.2 87.00 OK
r-oldrel-macos-x86_64 0.6.2 132.00 OK
r-oldrel-windows-x86_64 0.6.2 12.00 198.00 210.00 OK

Check Details

Version: 0.6.2
Check: DESCRIPTION meta-information
Result: NOTE Missing dependency on R >= 4.1.0 because package code uses the pipe |> or function shorthand \(...) syntax added in R 4.1.0. File(s) using such syntax: ‘get_model_params.R’ ‘level_from_quantiles.R’ ‘make_request.R’ ‘nixtla_client_cross_validation.R’ ‘nixtla_client_detect_anomalies.R’ ‘nixtla_client_forecast.R’ ‘nixtla_client_historic.R’ ‘nixtla_client_plot.R’ ‘nixtla_validate_api_key.R’ ‘validate_exogenous.R’ Flavors: r-devel-linux-x86_64-debian-clang, r-devel-linux-x86_64-debian-gcc, r-devel-linux-x86_64-fedora-clang, r-devel-linux-x86_64-fedora-gcc, r-devel-windows-x86_64, r-patched-linux-x86_64, r-release-linux-x86_64, r-release-macos-arm64, r-release-macos-x86_64, r-release-windows-x86_64