Last updated on 2025-04-30 04:50:12 CEST.
Flavor | Version | Tinstall | Tcheck | Ttotal | Status | Flags |
---|---|---|---|---|---|---|
r-devel-linux-x86_64-debian-clang | 0.3.3 | 4.04 | 55.70 | 59.74 | NOTE | |
r-devel-linux-x86_64-debian-gcc | 0.3.3 | 3.59 | 40.28 | 43.87 | NOTE | |
r-devel-linux-x86_64-fedora-clang | 0.3.3 | 93.34 | OK | |||
r-devel-linux-x86_64-fedora-gcc | 0.3.3 | 91.01 | OK | |||
r-devel-windows-x86_64 | 0.3.3 | 7.00 | 105.00 | 112.00 | OK | |
r-patched-linux-x86_64 | 0.3.3 | 6.98 | 51.76 | 58.74 | OK | |
r-release-linux-x86_64 | 0.3.3 | 3.70 | 51.62 | 55.32 | OK | |
r-release-macos-arm64 | 0.3.3 | 33.00 | OK | |||
r-release-macos-x86_64 | 0.3.3 | 60.00 | OK | |||
r-release-windows-x86_64 | 0.3.3 | 7.00 | 88.00 | 95.00 | OK | |
r-oldrel-macos-arm64 | 0.3.3 | 28.00 | OK | |||
r-oldrel-macos-x86_64 | 0.3.3 | 55.00 | OK | |||
r-oldrel-windows-x86_64 | 0.3.3 | 8.00 | 99.00 | 107.00 | OK |
Version: 0.3.3
Check: CRAN incoming feasibility
Result: NOTE
Maintainer: ‘Joe Thorley <joe@poissonconsulting.ca>’
Package has help file(s) containing later-stage \Sexpr{} expressions
but no 'build/stage23.rdb' file.
Flavors: r-devel-linux-x86_64-debian-clang, r-devel-linux-x86_64-debian-gcc