Last updated on 2025-04-30 04:50:12 CEST.
Flavor | Version | Tinstall | Tcheck | Ttotal | Status | Flags |
---|---|---|---|---|---|---|
r-devel-linux-x86_64-debian-clang | 3.1-168 | 28.89 | 223.76 | 252.65 | NOTE | |
r-devel-linux-x86_64-debian-gcc | 3.1-168 | 19.67 | 144.82 | 164.49 | NOTE | |
r-devel-linux-x86_64-fedora-clang | 3.1-168 | 418.43 | OK | |||
r-devel-linux-x86_64-fedora-gcc | 3.1-168 | 409.30 | OK | |||
r-devel-windows-x86_64 | 3.1-168 | 39.00 | 312.00 | 351.00 | OK | |
r-patched-linux-x86_64 | 3.1-168 | 37.86 | 214.29 | 252.15 | OK | |
r-release-linux-x86_64 | 3.1-168 | 27.41 | 212.38 | 239.79 | OK | |
r-release-macos-arm64 | 3.1-168 | 101.00 | OK | |||
r-release-macos-x86_64 | 3.1-168 | 226.00 | OK | |||
r-release-windows-x86_64 | 3.1-168 | 39.00 | 297.00 | 336.00 | OK | |
r-oldrel-macos-arm64 | 3.1-168 | 103.00 | OK | |||
r-oldrel-macos-x86_64 | 3.1-168 | 278.00 | OK | |||
r-oldrel-windows-x86_64 | 3.1-168 | 46.00 | 360.00 | 406.00 | OK |
Version: 3.1-168
Check: DESCRIPTION meta-information
Result: NOTE
Author field differs from that derived from Authors@R
Author: ‘José Pinheiro [aut] (S version), Douglas Bates [aut] (up to 2007), Saikat DebRoy [ctb] (up to 2002), Deepayan Sarkar [ctb] (up to 2005), EISPACK authors [ctb] (src/rs.f), Siem Heisterkamp [ctb] (Author fixed sigma), Bert Van Willigen [ctb] (Programmer fixed sigma), Johannes Ranke [ctb] (varConstProp()), R Core Team [aut, cre] (02zz1nj61)’
Authors@R: ‘José Pinheiro [aut] (S version), Douglas Bates [aut] (up to 2007), Saikat DebRoy [ctb] (up to 2002), Deepayan Sarkar [ctb] (up to 2005), EISPACK authors [ctb] (src/rs.f), Siem Heisterkamp [ctb] (Author fixed sigma), Bert Van Willigen [ctb] (Programmer fixed sigma), Johannes Ranke [ctb] (varConstProp()), R Core Team [aut, cre] (ROR: <https://ror.org/02zz1nj61>)’
Flavors: r-devel-linux-x86_64-debian-clang, r-devel-linux-x86_64-debian-gcc
Version: 3.1-168
Check: examples
Result: NOTE
Examples with CPU (user + system) or elapsed time > 5s
user system elapsed
anova.lme 4.515 0.004 5.425
Flavor: r-devel-linux-x86_64-debian-clang