Last updated on 2025-04-30 04:50:12 CEST.
Flavor | Version | Tinstall | Tcheck | Ttotal | Status | Flags |
---|---|---|---|---|---|---|
r-devel-linux-x86_64-debian-clang | 3.0.4 | 292.57 | 434.79 | 727.36 | OK | |
r-devel-linux-x86_64-debian-gcc | 3.0.4 | 214.95 | 291.91 | 506.86 | OK | |
r-devel-linux-x86_64-fedora-clang | 3.0.4 | 1281.23 | OK | |||
r-devel-linux-x86_64-fedora-gcc | 3.0.4 | 1312.47 | OK | |||
r-devel-windows-x86_64 | 3.0.4 | 338.00 | 582.00 | 920.00 | OK | |
r-patched-linux-x86_64 | 3.0.4 | 304.23 | 417.05 | 721.28 | OK | |
r-release-linux-x86_64 | 3.0.4 | 295.25 | 417.75 | 713.00 | OK | |
r-release-macos-arm64 | 3.0.4 | 312.00 | OK | |||
r-release-macos-x86_64 | 3.0.4 | 639.00 | OK | |||
r-release-windows-x86_64 | 3.0.4 | 341.00 | 578.00 | 919.00 | OK | |
r-oldrel-macos-arm64 | 3.0.4 | 261.00 | NOTE | |||
r-oldrel-macos-x86_64 | 3.0.4 | 489.00 | NOTE | |||
r-oldrel-windows-x86_64 | 3.0.4 | 385.00 | 737.00 | 1122.00 | OK |
Version: 3.0.4
Check: installed package size
Result: NOTE
installed size is 20.9Mb
sub-directories of 1Mb or more:
libs 19.3Mb
Flavors: r-oldrel-macos-arm64, r-oldrel-macos-x86_64