Last updated on 2025-04-30 04:50:12 CEST.
Flavor | Version | Tinstall | Tcheck | Ttotal | Status | Flags |
---|---|---|---|---|---|---|
r-devel-linux-x86_64-debian-clang | 0.2.0 | 11.64 | 145.19 | 156.83 | NOTE | |
r-devel-linux-x86_64-debian-gcc | 0.2.0 | 7.55 | 99.01 | 106.56 | OK | |
r-devel-linux-x86_64-fedora-clang | 0.2.0 | 236.25 | OK | |||
r-devel-linux-x86_64-fedora-gcc | 0.2.0 | 238.06 | OK | |||
r-devel-windows-x86_64 | 0.2.0 | 14.00 | 141.00 | 155.00 | OK | |
r-patched-linux-x86_64 | 0.2.0 | 10.51 | 131.69 | 142.20 | OK | |
r-release-linux-x86_64 | 0.2.0 | 11.74 | 131.67 | 143.41 | OK | |
r-release-macos-arm64 | 0.2.0 | 71.00 | OK | |||
r-release-macos-x86_64 | 0.2.0 | 129.00 | OK | |||
r-release-windows-x86_64 | 0.2.0 | 14.00 | 140.00 | 154.00 | OK | |
r-oldrel-macos-arm64 | 0.2.0 | 81.00 | OK | |||
r-oldrel-macos-x86_64 | 0.2.0 | 108.00 | OK | |||
r-oldrel-windows-x86_64 | 0.2.0 | 18.00 | 179.00 | 197.00 | OK |
Version: 0.2.0
Check: examples
Result: NOTE
Examples with CPU (user + system) or elapsed time > 5s
user system elapsed
build_figures 3.726 0.509 5.707
Flavor: r-devel-linux-x86_64-debian-clang