Last updated on 2025-04-30 04:50:13 CEST.
Flavor | Version | Tinstall | Tcheck | Ttotal | Status | Flags |
---|---|---|---|---|---|---|
r-devel-linux-x86_64-debian-clang | 2016.3.2 | 2.94 | 35.68 | 38.62 | NOTE | |
r-devel-linux-x86_64-debian-gcc | 2016.3.2 | 2.12 | 27.62 | 29.74 | OK | |
r-devel-linux-x86_64-fedora-clang | 2016.3.2 | 64.41 | OK | |||
r-devel-linux-x86_64-fedora-gcc | 2016.3.2 | 80.22 | OK | |||
r-devel-windows-x86_64 | 2016.3.2 | 4.00 | 75.00 | 79.00 | OK | |
r-patched-linux-x86_64 | 2016.3.2 | 2.99 | 34.48 | 37.47 | OK | |
r-release-linux-x86_64 | 2016.3.2 | 2.48 | 34.46 | 36.94 | OK | |
r-release-macos-arm64 | 2016.3.2 | 39.00 | OK | |||
r-release-macos-x86_64 | 2016.3.2 | 65.00 | OK | |||
r-release-windows-x86_64 | 2016.3.2 | 4.00 | 75.00 | 79.00 | OK | |
r-oldrel-macos-arm64 | 2016.3.2 | 28.00 | NOTE | |||
r-oldrel-macos-x86_64 | 2016.3.2 | 45.00 | NOTE | |||
r-oldrel-windows-x86_64 | 2016.3.2 | 5.00 | 72.00 | 77.00 | OK |
Version: 2016.3.2
Check: examples
Result: NOTE
Examples with CPU (user + system) or elapsed time > 5s
user system elapsed
nlmrt-package 4.755 0 5.396
Flavor: r-devel-linux-x86_64-debian-clang
Version: 2016.3.2
Check: package dependencies
Result: NOTE
Packages suggested but not available for checking: 'Rvmmin', 'Rcgmin'
Flavors: r-oldrel-macos-arm64, r-oldrel-macos-x86_64