Last updated on 2025-02-21 03:52:20 CET.
Flavor | Version | Tinstall | Tcheck | Ttotal | Status | Flags |
---|---|---|---|---|---|---|
r-devel-linux-x86_64-debian-clang | 1.0.1 | 15.29 | 181.23 | 196.52 | NOTE | |
r-devel-linux-x86_64-debian-gcc | 1.0.1 | 10.83 | 138.77 | 149.60 | NOTE | |
r-devel-linux-x86_64-fedora-clang | 1.0.1 | 303.64 | NOTE | |||
r-devel-linux-x86_64-fedora-gcc | 1.0.1 | 303.87 | NOTE | |||
r-devel-macos-arm64 | 1.0.1 | 91.00 | NOTE | |||
r-devel-macos-x86_64 | 1.0.1 | 163.00 | NOTE | |||
r-devel-windows-x86_64 | 1.0.1 | 18.00 | 181.00 | 199.00 | NOTE | |
r-patched-linux-x86_64 | 1.0.1 | 15.07 | 169.09 | 184.16 | NOTE | |
r-release-linux-x86_64 | 1.0.1 | 13.33 | 168.89 | 182.22 | NOTE | |
r-release-macos-arm64 | 1.0.1 | 91.00 | NOTE | |||
r-release-macos-x86_64 | 1.0.1 | 137.00 | NOTE | |||
r-release-windows-x86_64 | 1.0.1 | 16.00 | 179.00 | 195.00 | NOTE | |
r-oldrel-macos-arm64 | 1.0.1 | 99.00 | OK | |||
r-oldrel-macos-x86_64 | 1.0.1 | 157.00 | OK | |||
r-oldrel-windows-x86_64 | 1.0.1 | 24.00 | 220.00 | 244.00 | OK |
Version: 1.0.1
Check: Rd files
Result: NOTE
checkRd: (-1) dot-make_long_data.Rd:44: Lost braces; missing escapes or markup?
44 | training sample), psi (the value of this observations Psihat(P_{n,B_n}^0)),
| ^
checkRd: (-1) dot-make_long_data_nested_cv.Rd:49: Lost braces; missing escapes or markup?
49 | training sample), psi (the value of this observations Psihat(P_{n,B_n}^0)),
| ^
Flavors: r-devel-linux-x86_64-debian-clang, r-devel-linux-x86_64-debian-gcc, r-devel-linux-x86_64-fedora-clang, r-devel-linux-x86_64-fedora-gcc, r-devel-macos-arm64, r-devel-macos-x86_64, r-devel-windows-x86_64, r-patched-linux-x86_64, r-release-linux-x86_64, r-release-macos-arm64, r-release-macos-x86_64, r-release-windows-x86_64