CRAN Package Check Results for Package nlraa

Last updated on 2025-04-30 04:50:13 CEST.

Flavor Version Tinstall Tcheck Ttotal Status Flags
r-devel-linux-x86_64-debian-clang 1.9.7 18.89 365.24 384.13 NOTE
r-devel-linux-x86_64-debian-gcc 1.9.7 11.83 243.00 254.83 NOTE
r-devel-linux-x86_64-fedora-clang 1.9.7 621.97 OK
r-devel-linux-x86_64-fedora-gcc 1.9.7 618.02 OK
r-devel-windows-x86_64 1.9.7 18.00 347.00 365.00 NOTE
r-patched-linux-x86_64 1.9.7 18.97 348.53 367.50 NOTE
r-release-linux-x86_64 1.9.7 15.92 351.15 367.07 NOTE
r-release-macos-arm64 1.9.7 177.00 OK
r-release-macos-x86_64 1.9.7 333.00 OK
r-release-windows-x86_64 1.9.7 20.00 363.00 383.00 NOTE
r-oldrel-macos-arm64 1.9.7 158.00 OK
r-oldrel-macos-x86_64 1.9.7 258.00 OK
r-oldrel-windows-x86_64 1.9.7 24.00 476.00 500.00 OK

Check Details

Version: 1.9.7
Check: Rd cross-references
Result: NOTE Found the following Rd file(s) with Rd \link{} targets missing package anchors: nlsLMList.formula.Rd: nlsList predict_nlme.Rd: predict.nlme, predict.lme, predict.gnls Please provide package anchors for all Rd \link{} targets not in the package itself and the base packages. Flavors: r-devel-linux-x86_64-debian-clang, r-devel-linux-x86_64-debian-gcc, r-devel-windows-x86_64, r-patched-linux-x86_64, r-release-linux-x86_64, r-release-windows-x86_64