Last updated on 2025-04-30 04:50:13 CEST.
Flavor | Version | Tinstall | Tcheck | Ttotal | Status | Flags |
---|---|---|---|---|---|---|
r-devel-linux-x86_64-debian-clang | 0.4.5 | 7.81 | 115.60 | 123.41 | NOTE | |
r-devel-linux-x86_64-debian-gcc | 0.4.5 | 4.45 | 81.33 | 85.78 | NOTE | |
r-devel-linux-x86_64-fedora-clang | 0.4.5 | 194.22 | OK | |||
r-devel-linux-x86_64-fedora-gcc | 0.4.5 | 201.18 | OK | |||
r-devel-windows-x86_64 | 0.4.5 | 9.00 | 166.00 | 175.00 | OK | |
r-patched-linux-x86_64 | 0.4.5 | 7.58 | 106.40 | 113.98 | OK | |
r-release-linux-x86_64 | 0.4.5 | 6.71 | 107.71 | 114.42 | OK | |
r-release-macos-arm64 | 0.4.5 | 79.00 | OK | |||
r-release-macos-x86_64 | 0.4.5 | 129.00 | OK | |||
r-release-windows-x86_64 | 0.4.5 | 10.00 | 176.00 | 186.00 | OK | |
r-oldrel-macos-arm64 | 0.4.5 | 76.00 | OK | |||
r-oldrel-macos-x86_64 | 0.4.5 | 96.00 | OK | |||
r-oldrel-windows-x86_64 | 0.4.5 | 12.00 | 184.00 | 196.00 | OK |
Version: 0.4.5
Check: examples
Result: NOTE
Examples with CPU (user + system) or elapsed time > 5s
user system elapsed
nl_to_raster 8.514 0.318 10.506
Flavor: r-devel-linux-x86_64-debian-clang
Version: 0.4.5
Check: examples
Result: NOTE
Examples with CPU (user + system) or elapsed time > 5s
user system elapsed
nl_to_raster 4.969 0.32 6.448
Flavor: r-devel-linux-x86_64-debian-gcc