Last updated on 2025-04-30 04:50:13 CEST.
Flavor | Version | Tinstall | Tcheck | Ttotal | Status | Flags |
---|---|---|---|---|---|---|
r-devel-linux-x86_64-debian-clang | 0.8-1 | 5.91 | 44.03 | 49.94 | NOTE | |
r-devel-linux-x86_64-debian-gcc | 0.8-1 | 4.26 | 34.02 | 38.28 | NOTE | |
r-devel-linux-x86_64-fedora-clang | 0.8-1 | 79.33 | NOTE | |||
r-devel-linux-x86_64-fedora-gcc | 0.8-1 | 74.56 | NOTE | |||
r-devel-windows-x86_64 | 0.8-1 | 6.00 | 66.00 | 72.00 | NOTE | |
r-patched-linux-x86_64 | 0.8-1 | 6.01 | 42.31 | 48.32 | NOTE | |
r-release-linux-x86_64 | 0.8-1 | 4.87 | 42.52 | 47.39 | NOTE | |
r-release-macos-arm64 | 0.8-1 | 28.00 | NOTE | |||
r-release-macos-x86_64 | 0.8-1 | 48.00 | NOTE | |||
r-release-windows-x86_64 | 0.8-1 | 6.00 | 65.00 | 71.00 | NOTE | |
r-oldrel-macos-arm64 | 0.8-1 | 25.00 | NOTE | |||
r-oldrel-macos-x86_64 | 0.8-1 | 50.00 | NOTE | |||
r-oldrel-windows-x86_64 | 0.8-1 | 8.00 | 73.00 | 81.00 | NOTE |
Version: 0.8-1
Check: Rd files
Result: NOTE
checkRd: (-1) anova.Rd:19: Lost braces
19 | Returns an object of class code{anova}. These objects represent
| ^
Flavors: r-devel-linux-x86_64-debian-clang, r-devel-linux-x86_64-debian-gcc, r-devel-linux-x86_64-fedora-clang, r-devel-linux-x86_64-fedora-gcc, r-devel-windows-x86_64, r-patched-linux-x86_64, r-release-linux-x86_64, r-release-macos-arm64, r-release-macos-x86_64, r-release-windows-x86_64, r-oldrel-macos-arm64, r-oldrel-macos-x86_64, r-oldrel-windows-x86_64