Last updated on 2025-04-30 04:50:13 CEST.
Flavor | Version | Tinstall | Tcheck | Ttotal | Status | Flags |
---|---|---|---|---|---|---|
r-devel-linux-x86_64-debian-clang | 1.4.5 | 16.46 | 55.58 | 72.04 | NOTE | |
r-devel-linux-x86_64-debian-gcc | 1.4.5 | 11.07 | 42.22 | 53.29 | NOTE | |
r-devel-linux-x86_64-fedora-clang | 1.4.5 | 118.70 | OK | |||
r-devel-linux-x86_64-fedora-gcc | 1.4.5 | 110.88 | OK | |||
r-devel-windows-x86_64 | 1.4.5 | 22.00 | 88.00 | 110.00 | OK | |
r-patched-linux-x86_64 | 1.4.5 | 14.24 | 53.03 | 67.27 | OK | |
r-release-linux-x86_64 | 1.4.5 | 14.70 | 52.96 | 67.66 | OK | |
r-release-macos-arm64 | 1.4.5 | 38.00 | OK | |||
r-release-macos-x86_64 | 1.4.5 | 60.00 | OK | |||
r-release-windows-x86_64 | 1.4.5 | 21.00 | 87.00 | 108.00 | OK | |
r-oldrel-macos-arm64 | 1.4.5 | 35.00 | OK | |||
r-oldrel-macos-x86_64 | 1.4.5 | 48.00 | OK | |||
r-oldrel-windows-x86_64 | 1.4.5 | 24.00 | 95.00 | 119.00 | OK |
Version: 1.4.5
Check: CRAN incoming feasibility
Result: NOTE
Maintainer: ‘Mark Clements <mark.clements@ki.se>’
No Authors@R field in DESCRIPTION.
Please add one, modifying
Authors@R: c(person(given = "Gilda",
family = "Garibotti",
role = "aut"),
person(given = "Alexander",
family = "Tsodikov",
role = "aut"),
person(given = "Mark",
family = "Clements",
role = c("aut", "cre"),
email = "mark.clements@ki.se"))
as necessary.
Flavors: r-devel-linux-x86_64-debian-clang, r-devel-linux-x86_64-debian-gcc