CRAN Package Check Results for Package nmaINLA

Last updated on 2025-04-30 04:50:13 CEST.

Flavor Version Tinstall Tcheck Ttotal Status Flags
r-devel-linux-x86_64-debian-clang 1.1.0 2.57 32.29 34.86 NOTE
r-devel-linux-x86_64-debian-gcc 1.1.0 1.91 26.01 27.92 NOTE
r-devel-linux-x86_64-fedora-clang 1.1.0 81.54 OK
r-devel-linux-x86_64-fedora-gcc 1.1.0 92.30 OK
r-devel-windows-x86_64 1.1.0 4.00 98.00 102.00 OK
r-patched-linux-x86_64 1.1.0 2.89 30.64 33.53 OK
r-release-linux-x86_64 1.1.0 2.31 30.63 32.94 OK
r-release-macos-arm64 1.1.0 37.00 OK
r-release-macos-x86_64 1.1.0 66.00 OK
r-release-windows-x86_64 1.1.0 4.00 90.00 94.00 OK
r-oldrel-macos-arm64 1.1.0 27.00 NOTE
r-oldrel-macos-x86_64 1.1.0 80.00 NOTE
r-oldrel-windows-x86_64 1.1.0 4.00 90.00 94.00 OK

Check Details

Version: 1.1.0
Check: CRAN incoming feasibility
Result: NOTE Maintainer: ‘Burak Kuersad Guenhan <burakgunhan@gmail.com>’ Package CITATION file contains call(s) to old-style personList() or as.personList(). Please use c() on person objects instead. Package CITATION file contains call(s) to old-style citEntry(). Please use bibentry() instead. Flavors: r-devel-linux-x86_64-debian-clang, r-devel-linux-x86_64-debian-gcc

Version: 1.1.0
Check: package dependencies
Result: NOTE Package suggested but not available for checking: ‘INLA’ Flavors: r-oldrel-macos-arm64, r-oldrel-macos-x86_64